{"id":633,"date":"2016-10-20T10:36:22","date_gmt":"2016-10-20T09:36:22","guid":{"rendered":"http:\/\/www.facal.eu\/?p=633"},"modified":"2023-01-13T10:53:47","modified_gmt":"2023-01-13T09:53:47","slug":"pavilhao-de-espanha-feira-facal","status":"publish","type":"cpt_projectos","link":"https:\/\/www.facal.pt\/pt\/portfolio\/pavilhao-de-espanha-feira-facal\/","title":{"rendered":"Pavilh\u00e3o de Espanha, Feira Internacional &#8211; Sarago\u00e7a"},"content":{"rendered":"\n<figure class=\"wp-block-gallery columns-3 is-cropped wp-block-gallery-1 is-layout-flex wp-block-gallery-is-layout-flex\"><ul class=\"blocks-gallery-grid\"><li class=\"blocks-gallery-item\"><figure><img loading=\"lazy\" decoding=\"async\" width=\"2350\" height=\"1322\" src=\"https:\/\/www.facal.pt\/wp-content\/uploads\/2016\/10\/FACAL-Pavilhao-de-Espanha_Saragoca-2350x1322.jpg\" alt=\"Facal - Pavilh\u00e3o de Espanha\" data-id=\"2274\" data-full-url=\"https:\/\/www.facal.pt\/wp-content\/uploads\/2016\/10\/FACAL-Pavilhao-de-Espanha_Saragoca.jpg\" data-link=\"https:\/\/www.facal.pt\/pt\/portfolio\/pavilhao-de-espanha-feira-internacional-saragoca\/facal-pavilhao-de-espanha_saragoca\/\" class=\"wp-image-2274\" srcset=\"https:\/\/www.facal.pt\/wp-content\/uploads\/2016\/10\/FACAL-Pavilhao-de-Espanha_Saragoca-2350x1322.jpg 2350w, https:\/\/www.facal.pt\/wp-content\/uploads\/2016\/10\/FACAL-Pavilhao-de-Espanha_Saragoca-600x337.jpg 600w, https:\/\/www.facal.pt\/wp-content\/uploads\/2016\/10\/FACAL-Pavilhao-de-Espanha_Saragoca-300x169.jpg 300w, https:\/\/www.facal.pt\/wp-content\/uploads\/2016\/10\/FACAL-Pavilhao-de-Espanha_Saragoca-768x432.jpg 768w, https:\/\/www.facal.pt\/wp-content\/uploads\/2016\/10\/FACAL-Pavilhao-de-Espanha_Saragoca-1536x864.jpg 1536w, https:\/\/www.facal.pt\/wp-content\/uploads\/2016\/10\/FACAL-Pavilhao-de-Espanha_Saragoca-2048x1152.jpg 2048w\" sizes=\"auto, (max-width: 2350px) 100vw, 2350px\" \/><\/figure><\/li><li class=\"blocks-gallery-item\"><figure><img loading=\"lazy\" decoding=\"async\" width=\"2350\" height=\"1322\" src=\"https:\/\/www.facal.pt\/wp-content\/uploads\/2016\/10\/FACAL_Pavilhao-de-Espanha-Saragoca-2350x1322.jpg\" alt=\"Facal - Pavilh\u00e3o de Espanha\" data-id=\"2271\" data-full-url=\"https:\/\/www.facal.pt\/wp-content\/uploads\/2016\/10\/FACAL_Pavilhao-de-Espanha-Saragoca.jpg\" data-link=\"https:\/\/www.facal.pt\/pt\/portfolio\/pavilhao-de-espanha-feira-internacional-saragoca\/facal_pavilhao-de-espanha-saragoca\/\" class=\"wp-image-2271\" srcset=\"https:\/\/www.facal.pt\/wp-content\/uploads\/2016\/10\/FACAL_Pavilhao-de-Espanha-Saragoca-2350x1322.jpg 2350w, https:\/\/www.facal.pt\/wp-content\/uploads\/2016\/10\/FACAL_Pavilhao-de-Espanha-Saragoca-600x337.jpg 600w, https:\/\/www.facal.pt\/wp-content\/uploads\/2016\/10\/FACAL_Pavilhao-de-Espanha-Saragoca-300x169.jpg 300w, https:\/\/www.facal.pt\/wp-content\/uploads\/2016\/10\/FACAL_Pavilhao-de-Espanha-Saragoca-768x432.jpg 768w, https:\/\/www.facal.pt\/wp-content\/uploads\/2016\/10\/FACAL_Pavilhao-de-Espanha-Saragoca-1536x864.jpg 1536w, https:\/\/www.facal.pt\/wp-content\/uploads\/2016\/10\/FACAL_Pavilhao-de-Espanha-Saragoca-2048x1152.jpg 2048w\" sizes=\"auto, (max-width: 2350px) 100vw, 2350px\" \/><\/figure><\/li><li class=\"blocks-gallery-item\"><figure><img loading=\"lazy\" decoding=\"async\" width=\"2350\" height=\"1322\" src=\"https:\/\/www.facal.pt\/wp-content\/uploads\/2016\/10\/Facal-Pavilhao-de-Espanha-Saragoca-2350x1322.jpg\" alt=\"Facal - Pavilh\u00e3o de Espanha\" data-id=\"2273\" data-full-url=\"https:\/\/www.facal.pt\/wp-content\/uploads\/2016\/10\/Facal-Pavilhao-de-Espanha-Saragoca.jpg\" data-link=\"https:\/\/www.facal.pt\/pt\/portfolio\/pavilhao-de-espanha-feira-internacional-saragoca\/facal-pavilhao-de-espanha-saragoca\/\" class=\"wp-image-2273\" srcset=\"https:\/\/www.facal.pt\/wp-content\/uploads\/2016\/10\/Facal-Pavilhao-de-Espanha-Saragoca-2350x1322.jpg 2350w, https:\/\/www.facal.pt\/wp-content\/uploads\/2016\/10\/Facal-Pavilhao-de-Espanha-Saragoca-600x337.jpg 600w, https:\/\/www.facal.pt\/wp-content\/uploads\/2016\/10\/Facal-Pavilhao-de-Espanha-Saragoca-300x169.jpg 300w, https:\/\/www.facal.pt\/wp-content\/uploads\/2016\/10\/Facal-Pavilhao-de-Espanha-Saragoca-768x432.jpg 768w, https:\/\/www.facal.pt\/wp-content\/uploads\/2016\/10\/Facal-Pavilhao-de-Espanha-Saragoca-1536x864.jpg 1536w, https:\/\/www.facal.pt\/wp-content\/uploads\/2016\/10\/Facal-Pavilhao-de-Espanha-Saragoca-2048x1152.jpg 2048w\" sizes=\"auto, (max-width: 2350px) 100vw, 2350px\" \/><\/figure><\/li><li class=\"blocks-gallery-item\"><figure><img loading=\"lazy\" decoding=\"async\" width=\"2350\" height=\"1322\" src=\"https:\/\/www.facal.pt\/wp-content\/uploads\/2016\/10\/Facal_Pavilhao-de-Espanha-Saragoca-1-2350x1322.jpg\" alt=\"Facal - Pavilh\u00e3o de Espanha\" data-id=\"2272\" data-full-url=\"https:\/\/www.facal.pt\/wp-content\/uploads\/2016\/10\/Facal_Pavilhao-de-Espanha-Saragoca-1.jpg\" data-link=\"https:\/\/www.facal.pt\/pt\/portfolio\/pavilhao-de-espanha-feira-internacional-saragoca\/facal_pavilhao-de-espanha-saragoca-2\/\" class=\"wp-image-2272\" srcset=\"https:\/\/www.facal.pt\/wp-content\/uploads\/2016\/10\/Facal_Pavilhao-de-Espanha-Saragoca-1-2350x1322.jpg 2350w, https:\/\/www.facal.pt\/wp-content\/uploads\/2016\/10\/Facal_Pavilhao-de-Espanha-Saragoca-1-600x337.jpg 600w, https:\/\/www.facal.pt\/wp-content\/uploads\/2016\/10\/Facal_Pavilhao-de-Espanha-Saragoca-1-300x169.jpg 300w, https:\/\/www.facal.pt\/wp-content\/uploads\/2016\/10\/Facal_Pavilhao-de-Espanha-Saragoca-1-768x432.jpg 768w, https:\/\/www.facal.pt\/wp-content\/uploads\/2016\/10\/Facal_Pavilhao-de-Espanha-Saragoca-1-1536x864.jpg 1536w, https:\/\/www.facal.pt\/wp-content\/uploads\/2016\/10\/Facal_Pavilhao-de-Espanha-Saragoca-1-2048x1152.jpg 2048w\" sizes=\"auto, (max-width: 2350px) 100vw, 2350px\" \/><\/figure><\/li><\/ul><\/figure>\n\n\n<h1 class=\"wp-block-post-title\">Pavilh\u00e3o de Espanha, Feira Internacional &#8211; Sarago\u00e7a<\/h1>\n\n\n<h2 class=\"wp-block-heading\"><strong>FACAL PARTICIPA NA CONSTRU\u00c7\u00c3O DO PAVILH\u00c3O DE ESPANHA EM SARAGON\u00c7A<\/strong><\/h2>\n\n\n\n<p><a href=\"https:\/\/www.archdaily.com.br\/br\/758647\/pavilhao-espanhol-na-expo-zaragoza-2008-francisco-mangado?ad_source=search&#038;ad_medium=projects_tab\" target=\"_blank\" data-type=\"URL\" data-id=\"https:\/\/www.archdaily.com.br\/br\/758647\/pavilhao-espanhol-na-expo-zaragoza-2008-francisco-mangado?ad_source=search&#038;ad_medium=projects_tab\" rel=\"noreferrer noopener\">Edif\u00edcio Pavilh\u00e3o de Espanha<\/a> na Feira Internacional em Saragon\u00e7a \u00e9 da autoria do Arquitecto Patxi Mangado. A <a href=\"https:\/\/www.facal.pt\/pt\/portfolio\/\" target=\"_blank\" data-type=\"URL\" data-id=\"https:\/\/www.facal.pt\/pt\/portfolio\/\" rel=\"noreferrer noopener\">Facal <\/a>executou as fachadas exteriores.<\/p>\n","protected":false},"author":1,"featured_media":2271,"parent":0,"menu_order":60,"comment_status":"open","ping_status":"closed","template":"pages\/wp_projectos.php","projectos-categorias":[11],"class_list":["post-633","cpt_projectos","type-cpt_projectos","status-publish","has-post-thumbnail","hentry","projectos-categorias-portfolio"],"_links":{"self":[{"href":"https:\/\/www.facal.pt\/pt\/wp-json\/wp\/v2\/cpt_projectos\/633","targetHints":{"allow":["GET"]}}],"collection":[{"href":"https:\/\/www.facal.pt\/pt\/wp-json\/wp\/v2\/cpt_projectos"}],"about":[{"href":"https:\/\/www.facal.pt\/pt\/wp-json\/wp\/v2\/types\/cpt_projectos"}],"author":[{"embeddable":true,"href":"https:\/\/www.facal.pt\/pt\/wp-json\/wp\/v2\/users\/1"}],"replies":[{"embeddable":true,"href":"https:\/\/www.facal.pt\/pt\/wp-json\/wp\/v2\/comments?post=633"}],"wp:featuredmedia":[{"embeddable":true,"href":"https:\/\/www.facal.pt\/pt\/wp-json\/wp\/v2\/media\/2271"}],"wp:attachment":[{"href":"https:\/\/www.facal.pt\/pt\/wp-json\/wp\/v2\/media?parent=633"}],"wp:term":[{"taxonomy":"projectos-categorias","embeddable":true,"href":"https:\/\/www.facal.pt\/pt\/wp-json\/wp\/v2\/projectos-categorias?post=633"}],"curies":[{"name":"wp","href":"https:\/\/api.w.org\/{rel}","templated":true}]}}

Pavilhão de Espanha, Feira Internacional &#8211; Saragoça

<figure class="wp-block-gallery columns-3 is-cropped wp-block-gallery-1 is-layout-flex wp-block-gallery-is-layout-flex"><ul class="blocks-gallery-grid"><li class="blocks-gallery-item"><figure><img loading="lazy" decoding="async" width="2350" height="1322" src="https://www.facal.pt/wp-content/uploads/2016/10/FACAL-Pavilhao-de-Espanha_Saragoca-2350x1322.jpg" alt="Facal - Pavilhão de Espanha" data-id="2274" data-full-url="https://www.facal.pt/wp-content/uploads/2016/10/FACAL-Pavilhao-de-Espanha_Saragoca.jpg" data-link="https://www.facal.pt/pt/portfolio/pavilhao-de-espanha-feira-internacional-saragoca/facal-pavilhao-de-espanha_saragoca/" class="wp-image-2274" srcset="https://www.facal.pt/wp-content/uploads/2016/10/FACAL-Pavilhao-de-Espanha_Saragoca-2350x1322.jpg 2350w, https://www.facal.pt/wp-content/uploads/2016/10/FACAL-Pavilhao-de-Espanha_Saragoca-600x337.jpg 600w, https://www.facal.pt/wp-content/uploads/2016/10/FACAL-Pavilhao-de-Espanha_Saragoca-300x169.jpg 300w, https://www.facal.pt/wp-content/uploads/2016/10/FACAL-Pavilhao-de-Espanha_Saragoca-768x432.jpg 768w, https://www.facal.pt/wp-content/uploads/2016/10/FACAL-Pavilhao-de-Espanha_Saragoca-1536x864.jpg 1536w, https://www.facal.pt/wp-content/uploads/2016/10/FACAL-Pavilhao-de-Espanha_Saragoca-2048x1152.jpg 2048w" sizes="auto, (max-width: 2350px) 100vw, 2350px" /></figure></li><li class="blocks-gallery-item"><figure><img loading="lazy" decoding="async" width="2350" height="1322" src="https://www.facal.pt/wp-content/uploads/2016/10/FACAL_Pavilhao-de-Espanha-Saragoca-2350x1322.jpg" alt="Facal - Pavilhão de Espanha" data-id="2271" data-full-url="https://www.facal.pt/wp-content/uploads/2016/10/FACAL_Pavilhao-de-Espanha-Saragoca.jpg" data-link="https://www.facal.pt/pt/portfolio/pavilhao-de-espanha-feira-internacional-saragoca/facal_pavilhao-de-espanha-saragoca/" class="wp-image-2271" srcset="https://www.facal.pt/wp-content/uploads/2016/10/FACAL_Pavilhao-de-Espanha-Saragoca-2350x1322.jpg 2350w, https://www.facal.pt/wp-content/uploads/2016/10/FACAL_Pavilhao-de-Espanha-Saragoca-600x337.jpg 600w, https://www.facal.pt/wp-content/uploads/2016/10/FACAL_Pavilhao-de-Espanha-Saragoca-300x169.jpg 300w, https://www.facal.pt/wp-content/uploads/2016/10/FACAL_Pavilhao-de-Espanha-Saragoca-768x432.jpg 768w, https://www.facal.pt/wp-content/uploads/2016/10/FACAL_Pavilhao-de-Espanha-Saragoca-1536x864.jpg 1536w, https://www.facal.pt/wp-content/uploads/2016/10/FACAL_Pavilhao-de-Espanha-Saragoca-2048x1152.jpg 2048w" sizes="auto, (max-width: 2350px) 100vw, 2350px" /></figure></li><li class="blocks-gallery-item"><figure><img loading="lazy" decoding="async" width="2350" height="1322" src="https://www.facal.pt/wp-content/uploads/2016/10/Facal-Pavilhao-de-Espanha-Saragoca-2350x1322.jpg" alt="Facal - Pavilhão de Espanha" data-id="2273" data-full-url="https://www.facal.pt/wp-content/uploads/2016/10/Facal-Pavilhao-de-Espanha-Saragoca.jpg" data-link="https://www.facal.pt/pt/portfolio/pavilhao-de-espanha-feira-internacional-saragoca/facal-pavilhao-de-espanha-saragoca/" class="wp-image-2273" srcset="https://www.facal.pt/wp-content/uploads/2016/10/Facal-Pavilhao-de-Espanha-Saragoca-2350x1322.jpg 2350w, https://www.facal.pt/wp-content/uploads/2016/10/Facal-Pavilhao-de-Espanha-Saragoca-600x337.jpg 600w, https://www.facal.pt/wp-content/uploads/2016/10/Facal-Pavilhao-de-Espanha-Saragoca-300x169.jpg 300w, https://www.facal.pt/wp-content/uploads/2016/10/Facal-Pavilhao-de-Espanha-Saragoca-768x432.jpg 768w, https://www.facal.pt/wp-content/uploads/2016/10/Facal-Pavilhao-de-Espanha-Saragoca-1536x864.jpg 1536w, https://www.facal.pt/wp-content/uploads/2016/10/Facal-Pavilhao-de-Espanha-Saragoca-2048x1152.jpg 2048w" sizes="auto, (max-width: 2350px) 100vw, 2350px" /></figure></li><li class="blocks-gallery-item"><figure><img loading="lazy" decoding="async" width="2350" height="1322" src="https://www.facal.pt/wp-content/uploads/2016/10/Facal_Pavilhao-de-Espanha-Saragoca-1-2350x1322.jpg" alt="Facal - Pavilhão de Espanha" data-id="2272" data-full-url="https://www.facal.pt/wp-content/uploads/2016/10/Facal_Pavilhao-de-Espanha-Saragoca-1.jpg" data-link="https://www.facal.pt/pt/portfolio/pavilhao-de-espanha-feira-internacional-saragoca/facal_pavilhao-de-espanha-saragoca-2/" class="wp-image-2272" srcset="https://www.facal.pt/wp-content/uploads/2016/10/Facal_Pavilhao-de-Espanha-Saragoca-1-2350x1322.jpg 2350w, https://www.facal.pt/wp-content/uploads/2016/10/Facal_Pavilhao-de-Espanha-Saragoca-1-600x337.jpg 600w, https://www.facal.pt/wp-content/uploads/2016/10/Facal_Pavilhao-de-Espanha-Saragoca-1-300x169.jpg 300w, https://www.facal.pt/wp-content/uploads/2016/10/Facal_Pavilhao-de-Espanha-Saragoca-1-768x432.jpg 768w, https://www.facal.pt/wp-content/uploads/2016/10/Facal_Pavilhao-de-Espanha-Saragoca-1-1536x864.jpg 1536w, https://www.facal.pt/wp-content/uploads/2016/10/Facal_Pavilhao-de-Espanha-Saragoca-1-2048x1152.jpg 2048w" sizes="auto, (max-width: 2350px) 100vw, 2350px" /></figure></li></ul></figure>


<h1 class="wp-block-post-title">Pavilhão de Espanha, Feira Internacional &#8211; Saragoça</h1>


<h2 class="wp-block-heading"><strong>FACAL PARTICIPA NA CONSTRUÇÃO DO PAVILHÃO DE ESPANHA EM SARAGONÇA</strong></h2>



<p><a href="https://www.archdaily.com.br/br/758647/pavilhao-espanhol-na-expo-zaragoza-2008-francisco-mangado?ad_source=search&#038;ad_medium=projects_tab" target="_blank" data-type="URL" data-id="https://www.archdaily.com.br/br/758647/pavilhao-espanhol-na-expo-zaragoza-2008-francisco-mangado?ad_source=search&#038;ad_medium=projects_tab" rel="noreferrer noopener">Edifício Pavilhão de Espanha</a> na Feira Internacional em Saragonça é da autoria do Arquitecto Patxi Mangado. A <a href="https://www.facal.pt/pt/portfolio/" target="_blank" data-type="URL" data-id="https://www.facal.pt/pt/portfolio/" rel="noreferrer noopener">Facal </a>executou as fachadas exteriores.</p>
