{"id":584,"date":"2016-10-18T16:01:30","date_gmt":"2016-10-18T15:01:30","guid":{"rendered":"http:\/\/www.facal.eu\/?p=584"},"modified":"2022-02-22T11:25:30","modified_gmt":"2022-02-22T10:25:30","slug":"edificio-sede-novartis-facal","status":"publish","type":"cpt_projectos","link":"https:\/\/www.facal.pt\/pt\/portfolio\/edificio-sede-novartis-facal\/","title":{"rendered":"Edif\u00edcio Sede Novartis &#8211; Lisboa"},"content":{"rendered":"\n<figure class=\"wp-block-gallery columns-3 is-cropped wp-block-gallery-1 is-layout-flex wp-block-gallery-is-layout-flex\"><ul class=\"blocks-gallery-grid\"><li class=\"blocks-gallery-item\"><figure><img loading=\"lazy\" decoding=\"async\" width=\"2350\" height=\"1322\" src=\"https:\/\/www.facal.pt\/wp-content\/uploads\/2021\/10\/Facal-Edificio-Sede-Novartis-Lisboa-2350x1322.jpg\" alt=\"Facal Edif\u00edcio Sede Novartis - Lisboa\" data-id=\"2307\" data-full-url=\"https:\/\/www.facal.pt\/wp-content\/uploads\/2021\/10\/Facal-Edificio-Sede-Novartis-Lisboa.jpg\" data-link=\"https:\/\/www.facal.pt\/pt\/portfolio\/novartis\/facal-edificio-sede-novartis-lisboa\/\" class=\"wp-image-2307\" srcset=\"https:\/\/www.facal.pt\/wp-content\/uploads\/2021\/10\/Facal-Edificio-Sede-Novartis-Lisboa-2350x1322.jpg 2350w, https:\/\/www.facal.pt\/wp-content\/uploads\/2021\/10\/Facal-Edificio-Sede-Novartis-Lisboa-600x337.jpg 600w, https:\/\/www.facal.pt\/wp-content\/uploads\/2021\/10\/Facal-Edificio-Sede-Novartis-Lisboa-300x169.jpg 300w, https:\/\/www.facal.pt\/wp-content\/uploads\/2021\/10\/Facal-Edificio-Sede-Novartis-Lisboa-768x432.jpg 768w, https:\/\/www.facal.pt\/wp-content\/uploads\/2021\/10\/Facal-Edificio-Sede-Novartis-Lisboa-1536x864.jpg 1536w, https:\/\/www.facal.pt\/wp-content\/uploads\/2021\/10\/Facal-Edificio-Sede-Novartis-Lisboa-2048x1152.jpg 2048w\" sizes=\"auto, (max-width: 2350px) 100vw, 2350px\" \/><\/figure><\/li><li class=\"blocks-gallery-item\"><figure><img loading=\"lazy\" decoding=\"async\" width=\"2350\" height=\"1322\" src=\"https:\/\/www.facal.pt\/wp-content\/uploads\/2021\/10\/FACAL_Edificio-Sede-Novartis-Lisboa-copia-2350x1322.jpg\" alt=\"Facal Edif\u00edcio Sede Novartis - Lisboa\" data-id=\"2308\" data-full-url=\"https:\/\/www.facal.pt\/wp-content\/uploads\/2021\/10\/FACAL_Edificio-Sede-Novartis-Lisboa-copia.jpg\" data-link=\"https:\/\/www.facal.pt\/pt\/portfolio\/novartis\/facal_edificio-sede-novartis-lisboa-copia\/\" class=\"wp-image-2308\" srcset=\"https:\/\/www.facal.pt\/wp-content\/uploads\/2021\/10\/FACAL_Edificio-Sede-Novartis-Lisboa-copia-2350x1322.jpg 2350w, https:\/\/www.facal.pt\/wp-content\/uploads\/2021\/10\/FACAL_Edificio-Sede-Novartis-Lisboa-copia-600x337.jpg 600w, https:\/\/www.facal.pt\/wp-content\/uploads\/2021\/10\/FACAL_Edificio-Sede-Novartis-Lisboa-copia-300x169.jpg 300w, https:\/\/www.facal.pt\/wp-content\/uploads\/2021\/10\/FACAL_Edificio-Sede-Novartis-Lisboa-copia-768x432.jpg 768w, https:\/\/www.facal.pt\/wp-content\/uploads\/2021\/10\/FACAL_Edificio-Sede-Novartis-Lisboa-copia-1536x864.jpg 1536w, https:\/\/www.facal.pt\/wp-content\/uploads\/2021\/10\/FACAL_Edificio-Sede-Novartis-Lisboa-copia-2048x1152.jpg 2048w\" sizes=\"auto, (max-width: 2350px) 100vw, 2350px\" \/><\/figure><\/li><li class=\"blocks-gallery-item\"><figure><img loading=\"lazy\" decoding=\"async\" width=\"2350\" height=\"1322\" src=\"https:\/\/www.facal.pt\/wp-content\/uploads\/2021\/10\/Facal_Edificio-Sede-Novartis-Lisboa-2350x1322.jpg\" alt=\"Facal Edif\u00edcio Sede Novartis - Lisboa\" data-id=\"2309\" data-full-url=\"https:\/\/www.facal.pt\/wp-content\/uploads\/2021\/10\/Facal_Edificio-Sede-Novartis-Lisboa.jpg\" data-link=\"https:\/\/www.facal.pt\/pt\/portfolio\/novartis\/facal_edificio-sede-novartis-lisboa\/\" class=\"wp-image-2309\" srcset=\"https:\/\/www.facal.pt\/wp-content\/uploads\/2021\/10\/Facal_Edificio-Sede-Novartis-Lisboa-2350x1322.jpg 2350w, https:\/\/www.facal.pt\/wp-content\/uploads\/2021\/10\/Facal_Edificio-Sede-Novartis-Lisboa-600x337.jpg 600w, https:\/\/www.facal.pt\/wp-content\/uploads\/2021\/10\/Facal_Edificio-Sede-Novartis-Lisboa-300x169.jpg 300w, https:\/\/www.facal.pt\/wp-content\/uploads\/2021\/10\/Facal_Edificio-Sede-Novartis-Lisboa-768x432.jpg 768w, https:\/\/www.facal.pt\/wp-content\/uploads\/2021\/10\/Facal_Edificio-Sede-Novartis-Lisboa-1536x863.jpg 1536w, https:\/\/www.facal.pt\/wp-content\/uploads\/2021\/10\/Facal_Edificio-Sede-Novartis-Lisboa-2048x1151.jpg 2048w\" sizes=\"auto, (max-width: 2350px) 100vw, 2350px\" \/><\/figure><\/li><li class=\"blocks-gallery-item\"><figure><img loading=\"lazy\" decoding=\"async\" width=\"2350\" height=\"1322\" src=\"https:\/\/www.facal.pt\/wp-content\/uploads\/2021\/10\/Facal_Edificio_Sede-Novartis-Lisboa-2350x1322.jpg\" alt=\"Facal Edif\u00edcio Sede Novartis - Lisboa\" data-id=\"2310\" data-full-url=\"https:\/\/www.facal.pt\/wp-content\/uploads\/2021\/10\/Facal_Edificio_Sede-Novartis-Lisboa.jpg\" data-link=\"https:\/\/www.facal.pt\/pt\/portfolio\/novartis\/facal_edificio_sede-novartis-lisboa\/\" class=\"wp-image-2310\" srcset=\"https:\/\/www.facal.pt\/wp-content\/uploads\/2021\/10\/Facal_Edificio_Sede-Novartis-Lisboa-2350x1322.jpg 2350w, https:\/\/www.facal.pt\/wp-content\/uploads\/2021\/10\/Facal_Edificio_Sede-Novartis-Lisboa-600x337.jpg 600w, https:\/\/www.facal.pt\/wp-content\/uploads\/2021\/10\/Facal_Edificio_Sede-Novartis-Lisboa-300x169.jpg 300w, https:\/\/www.facal.pt\/wp-content\/uploads\/2021\/10\/Facal_Edificio_Sede-Novartis-Lisboa-768x432.jpg 768w, https:\/\/www.facal.pt\/wp-content\/uploads\/2021\/10\/Facal_Edificio_Sede-Novartis-Lisboa-1536x864.jpg 1536w, https:\/\/www.facal.pt\/wp-content\/uploads\/2021\/10\/Facal_Edificio_Sede-Novartis-Lisboa-2048x1152.jpg 2048w\" sizes=\"auto, (max-width: 2350px) 100vw, 2350px\" \/><\/figure><\/li><li class=\"blocks-gallery-item\"><figure><img loading=\"lazy\" decoding=\"async\" width=\"2350\" height=\"1322\" src=\"https:\/\/www.facal.pt\/wp-content\/uploads\/2021\/10\/Facal-Edificio-Sede-Novartis-Lisboa-1-2350x1322.jpg\" alt=\"Facal Edif\u00edcio Sede Novartis - Lisboa\" data-id=\"2311\" data-full-url=\"https:\/\/www.facal.pt\/wp-content\/uploads\/2021\/10\/Facal-Edificio-Sede-Novartis-Lisboa-1.jpg\" data-link=\"https:\/\/www.facal.pt\/pt\/portfolio\/novartis\/facal-edificio-sede-novartis-lisboa-1\/\" class=\"wp-image-2311\" srcset=\"https:\/\/www.facal.pt\/wp-content\/uploads\/2021\/10\/Facal-Edificio-Sede-Novartis-Lisboa-1-2350x1322.jpg 2350w, https:\/\/www.facal.pt\/wp-content\/uploads\/2021\/10\/Facal-Edificio-Sede-Novartis-Lisboa-1-600x337.jpg 600w, https:\/\/www.facal.pt\/wp-content\/uploads\/2021\/10\/Facal-Edificio-Sede-Novartis-Lisboa-1-300x169.jpg 300w, https:\/\/www.facal.pt\/wp-content\/uploads\/2021\/10\/Facal-Edificio-Sede-Novartis-Lisboa-1-768x432.jpg 768w, https:\/\/www.facal.pt\/wp-content\/uploads\/2021\/10\/Facal-Edificio-Sede-Novartis-Lisboa-1-1536x863.jpg 1536w, https:\/\/www.facal.pt\/wp-content\/uploads\/2021\/10\/Facal-Edificio-Sede-Novartis-Lisboa-1-2048x1151.jpg 2048w\" sizes=\"auto, (max-width: 2350px) 100vw, 2350px\" \/><\/figure><\/li><\/ul><\/figure>\n\n\n<h1 class=\"wp-block-post-title\">Edif\u00edcio Sede Novartis &#8211; Lisboa<\/h1>\n\n\n<h2 class=\"wp-block-heading\">Facal participou num projeto sublime do\u00a0Arquiteto Frederico Valsassina &#8211; Sede Novartis<\/h2>\n\n\n\n<p>Edif\u00edcio Sede Novartis em Portugal \u00e9 da autoria do <a href=\"http:\/\/www.fvarq.com\/novartis\">Arquiteto Frederico Valsassina<\/a>. Tem tr\u00eas pisos elevados, sendo totalmente em bet\u00e3o branco e as fachadas totalmente em pain\u00e9is de envidra\u00e7ados realizadas pela <a href=\"https:\/\/www.facal.pt\/pt\/portfolio\/\" target=\"_blank\" data-type=\"URL\" data-id=\"https:\/\/www.facal.pt\/pt\/portfolio\/\" rel=\"noreferrer noopener\">Facal.<\/a> Destaca-se pela &#8220;luz natural e privacidade&#8221;. Est\u00e1 inserido na Pra\u00e7a Central do <a href=\"https:\/\/www.novartis.pt\/carreiras\/trabalhar-na-novartis\/nossa-sede\">Taguspark<\/a>.<\/p>\n","protected":false},"author":1,"featured_media":2309,"parent":0,"menu_order":35,"comment_status":"open","ping_status":"closed","template":"pages\/wp_projectos.php","projectos-categorias":[10,11],"class_list":["post-584","cpt_projectos","type-cpt_projectos","status-publish","has-post-thumbnail","hentry","projectos-categorias-noticias","projectos-categorias-portfolio"],"_links":{"self":[{"href":"https:\/\/www.facal.pt\/pt\/wp-json\/wp\/v2\/cpt_projectos\/584","targetHints":{"allow":["GET"]}}],"collection":[{"href":"https:\/\/www.facal.pt\/pt\/wp-json\/wp\/v2\/cpt_projectos"}],"about":[{"href":"https:\/\/www.facal.pt\/pt\/wp-json\/wp\/v2\/types\/cpt_projectos"}],"author":[{"embeddable":true,"href":"https:\/\/www.facal.pt\/pt\/wp-json\/wp\/v2\/users\/1"}],"replies":[{"embeddable":true,"href":"https:\/\/www.facal.pt\/pt\/wp-json\/wp\/v2\/comments?post=584"}],"wp:featuredmedia":[{"embeddable":true,"href":"https:\/\/www.facal.pt\/pt\/wp-json\/wp\/v2\/media\/2309"}],"wp:attachment":[{"href":"https:\/\/www.facal.pt\/pt\/wp-json\/wp\/v2\/media?parent=584"}],"wp:term":[{"taxonomy":"projectos-categorias","embeddable":true,"href":"https:\/\/www.facal.pt\/pt\/wp-json\/wp\/v2\/projectos-categorias?post=584"}],"curies":[{"name":"wp","href":"https:\/\/api.w.org\/{rel}","templated":true}]}}

Edifício Sede Novartis &#8211; Lisboa

<figure class="wp-block-gallery columns-3 is-cropped wp-block-gallery-1 is-layout-flex wp-block-gallery-is-layout-flex"><ul class="blocks-gallery-grid"><li class="blocks-gallery-item"><figure><img loading="lazy" decoding="async" width="2350" height="1322" src="https://www.facal.pt/wp-content/uploads/2021/10/Facal-Edificio-Sede-Novartis-Lisboa-2350x1322.jpg" alt="Facal Edifício Sede Novartis - Lisboa" data-id="2307" data-full-url="https://www.facal.pt/wp-content/uploads/2021/10/Facal-Edificio-Sede-Novartis-Lisboa.jpg" data-link="https://www.facal.pt/pt/portfolio/novartis/facal-edificio-sede-novartis-lisboa/" class="wp-image-2307" srcset="https://www.facal.pt/wp-content/uploads/2021/10/Facal-Edificio-Sede-Novartis-Lisboa-2350x1322.jpg 2350w, https://www.facal.pt/wp-content/uploads/2021/10/Facal-Edificio-Sede-Novartis-Lisboa-600x337.jpg 600w, https://www.facal.pt/wp-content/uploads/2021/10/Facal-Edificio-Sede-Novartis-Lisboa-300x169.jpg 300w, https://www.facal.pt/wp-content/uploads/2021/10/Facal-Edificio-Sede-Novartis-Lisboa-768x432.jpg 768w, https://www.facal.pt/wp-content/uploads/2021/10/Facal-Edificio-Sede-Novartis-Lisboa-1536x864.jpg 1536w, https://www.facal.pt/wp-content/uploads/2021/10/Facal-Edificio-Sede-Novartis-Lisboa-2048x1152.jpg 2048w" sizes="auto, (max-width: 2350px) 100vw, 2350px" /></figure></li><li class="blocks-gallery-item"><figure><img loading="lazy" decoding="async" width="2350" height="1322" src="https://www.facal.pt/wp-content/uploads/2021/10/FACAL_Edificio-Sede-Novartis-Lisboa-copia-2350x1322.jpg" alt="Facal Edifício Sede Novartis - Lisboa" data-id="2308" data-full-url="https://www.facal.pt/wp-content/uploads/2021/10/FACAL_Edificio-Sede-Novartis-Lisboa-copia.jpg" data-link="https://www.facal.pt/pt/portfolio/novartis/facal_edificio-sede-novartis-lisboa-copia/" class="wp-image-2308" srcset="https://www.facal.pt/wp-content/uploads/2021/10/FACAL_Edificio-Sede-Novartis-Lisboa-copia-2350x1322.jpg 2350w, https://www.facal.pt/wp-content/uploads/2021/10/FACAL_Edificio-Sede-Novartis-Lisboa-copia-600x337.jpg 600w, https://www.facal.pt/wp-content/uploads/2021/10/FACAL_Edificio-Sede-Novartis-Lisboa-copia-300x169.jpg 300w, https://www.facal.pt/wp-content/uploads/2021/10/FACAL_Edificio-Sede-Novartis-Lisboa-copia-768x432.jpg 768w, https://www.facal.pt/wp-content/uploads/2021/10/FACAL_Edificio-Sede-Novartis-Lisboa-copia-1536x864.jpg 1536w, https://www.facal.pt/wp-content/uploads/2021/10/FACAL_Edificio-Sede-Novartis-Lisboa-copia-2048x1152.jpg 2048w" sizes="auto, (max-width: 2350px) 100vw, 2350px" /></figure></li><li class="blocks-gallery-item"><figure><img loading="lazy" decoding="async" width="2350" height="1322" src="https://www.facal.pt/wp-content/uploads/2021/10/Facal_Edificio-Sede-Novartis-Lisboa-2350x1322.jpg" alt="Facal Edifício Sede Novartis - Lisboa" data-id="2309" data-full-url="https://www.facal.pt/wp-content/uploads/2021/10/Facal_Edificio-Sede-Novartis-Lisboa.jpg" data-link="https://www.facal.pt/pt/portfolio/novartis/facal_edificio-sede-novartis-lisboa/" class="wp-image-2309" srcset="https://www.facal.pt/wp-content/uploads/2021/10/Facal_Edificio-Sede-Novartis-Lisboa-2350x1322.jpg 2350w, https://www.facal.pt/wp-content/uploads/2021/10/Facal_Edificio-Sede-Novartis-Lisboa-600x337.jpg 600w, https://www.facal.pt/wp-content/uploads/2021/10/Facal_Edificio-Sede-Novartis-Lisboa-300x169.jpg 300w, https://www.facal.pt/wp-content/uploads/2021/10/Facal_Edificio-Sede-Novartis-Lisboa-768x432.jpg 768w, https://www.facal.pt/wp-content/uploads/2021/10/Facal_Edificio-Sede-Novartis-Lisboa-1536x863.jpg 1536w, https://www.facal.pt/wp-content/uploads/2021/10/Facal_Edificio-Sede-Novartis-Lisboa-2048x1151.jpg 2048w" sizes="auto, (max-width: 2350px) 100vw, 2350px" /></figure></li><li class="blocks-gallery-item"><figure><img loading="lazy" decoding="async" width="2350" height="1322" src="https://www.facal.pt/wp-content/uploads/2021/10/Facal_Edificio_Sede-Novartis-Lisboa-2350x1322.jpg" alt="Facal Edifício Sede Novartis - Lisboa" data-id="2310" data-full-url="https://www.facal.pt/wp-content/uploads/2021/10/Facal_Edificio_Sede-Novartis-Lisboa.jpg" data-link="https://www.facal.pt/pt/portfolio/novartis/facal_edificio_sede-novartis-lisboa/" class="wp-image-2310" srcset="https://www.facal.pt/wp-content/uploads/2021/10/Facal_Edificio_Sede-Novartis-Lisboa-2350x1322.jpg 2350w, https://www.facal.pt/wp-content/uploads/2021/10/Facal_Edificio_Sede-Novartis-Lisboa-600x337.jpg 600w, https://www.facal.pt/wp-content/uploads/2021/10/Facal_Edificio_Sede-Novartis-Lisboa-300x169.jpg 300w, https://www.facal.pt/wp-content/uploads/2021/10/Facal_Edificio_Sede-Novartis-Lisboa-768x432.jpg 768w, https://www.facal.pt/wp-content/uploads/2021/10/Facal_Edificio_Sede-Novartis-Lisboa-1536x864.jpg 1536w, https://www.facal.pt/wp-content/uploads/2021/10/Facal_Edificio_Sede-Novartis-Lisboa-2048x1152.jpg 2048w" sizes="auto, (max-width: 2350px) 100vw, 2350px" /></figure></li><li class="blocks-gallery-item"><figure><img loading="lazy" decoding="async" width="2350" height="1322" src="https://www.facal.pt/wp-content/uploads/2021/10/Facal-Edificio-Sede-Novartis-Lisboa-1-2350x1322.jpg" alt="Facal Edifício Sede Novartis - Lisboa" data-id="2311" data-full-url="https://www.facal.pt/wp-content/uploads/2021/10/Facal-Edificio-Sede-Novartis-Lisboa-1.jpg" data-link="https://www.facal.pt/pt/portfolio/novartis/facal-edificio-sede-novartis-lisboa-1/" class="wp-image-2311" srcset="https://www.facal.pt/wp-content/uploads/2021/10/Facal-Edificio-Sede-Novartis-Lisboa-1-2350x1322.jpg 2350w, https://www.facal.pt/wp-content/uploads/2021/10/Facal-Edificio-Sede-Novartis-Lisboa-1-600x337.jpg 600w, https://www.facal.pt/wp-content/uploads/2021/10/Facal-Edificio-Sede-Novartis-Lisboa-1-300x169.jpg 300w, https://www.facal.pt/wp-content/uploads/2021/10/Facal-Edificio-Sede-Novartis-Lisboa-1-768x432.jpg 768w, https://www.facal.pt/wp-content/uploads/2021/10/Facal-Edificio-Sede-Novartis-Lisboa-1-1536x863.jpg 1536w, https://www.facal.pt/wp-content/uploads/2021/10/Facal-Edificio-Sede-Novartis-Lisboa-1-2048x1151.jpg 2048w" sizes="auto, (max-width: 2350px) 100vw, 2350px" /></figure></li></ul></figure>


<h1 class="wp-block-post-title">Edifício Sede Novartis &#8211; Lisboa</h1>


<h2 class="wp-block-heading">Facal participou num projeto sublime do Arquiteto Frederico Valsassina &#8211; Sede Novartis</h2>



<p>Edifício Sede Novartis em Portugal é da autoria do <a href="http://www.fvarq.com/novartis">Arquiteto Frederico Valsassina</a>. Tem três pisos elevados, sendo totalmente em betão branco e as fachadas totalmente em painéis de envidraçados realizadas pela <a href="https://www.facal.pt/pt/portfolio/" target="_blank" data-type="URL" data-id="https://www.facal.pt/pt/portfolio/" rel="noreferrer noopener">Facal.</a> Destaca-se pela &#8220;luz natural e privacidade&#8221;. Está inserido na Praça Central do <a href="https://www.novartis.pt/carreiras/trabalhar-na-novartis/nossa-sede">Taguspark</a>.</p>
