{"id":2707,"date":"2022-10-14T08:42:31","date_gmt":"2022-10-14T07:42:31","guid":{"rendered":"https:\/\/www.facal.pt\/pt\/?post_type=cpt_projectos&#038;p=2707"},"modified":"2025-04-07T09:43:45","modified_gmt":"2025-04-07T08:43:45","slug":"immeuble-mozaic-360-paris-facal","status":"publish","type":"cpt_projectos","link":"https:\/\/www.facal.pt\/pt\/portfolio\/immeuble-mozaic-360-paris-facal\/","title":{"rendered":"360 PARIS VANVES"},"content":{"rendered":"\n<figure class=\"wp-block-gallery columns-3 is-cropped wp-block-gallery-1 is-layout-flex wp-block-gallery-is-layout-flex\"><ul class=\"blocks-gallery-grid\"><li class=\"blocks-gallery-item\"><figure><img loading=\"lazy\" decoding=\"async\" width=\"2350\" height=\"1322\" src=\"https:\/\/www.facal.pt\/wp-content\/uploads\/2025\/03\/Facal_360-PARIS-VANVES_Mozaic-2350x1322.jpg\" alt=\"\" data-id=\"2825\" data-full-url=\"https:\/\/www.facal.pt\/wp-content\/uploads\/2025\/03\/Facal_360-PARIS-VANVES_Mozaic-scaled.jpg\" data-link=\"https:\/\/www.facal.pt\/pt\/facal_360-paris-vanves_mozaic\/\" class=\"wp-image-2825\" srcset=\"https:\/\/www.facal.pt\/wp-content\/uploads\/2025\/03\/Facal_360-PARIS-VANVES_Mozaic-2350x1322.jpg 2350w, https:\/\/www.facal.pt\/wp-content\/uploads\/2025\/03\/Facal_360-PARIS-VANVES_Mozaic-600x337.jpg 600w, https:\/\/www.facal.pt\/wp-content\/uploads\/2025\/03\/Facal_360-PARIS-VANVES_Mozaic-300x169.jpg 300w, https:\/\/www.facal.pt\/wp-content\/uploads\/2025\/03\/Facal_360-PARIS-VANVES_Mozaic-768x432.jpg 768w, https:\/\/www.facal.pt\/wp-content\/uploads\/2025\/03\/Facal_360-PARIS-VANVES_Mozaic-1536x864.jpg 1536w, https:\/\/www.facal.pt\/wp-content\/uploads\/2025\/03\/Facal_360-PARIS-VANVES_Mozaic-2048x1152.jpg 2048w\" sizes=\"auto, (max-width: 2350px) 100vw, 2350px\" \/><\/figure><\/li><li class=\"blocks-gallery-item\"><figure><img loading=\"lazy\" decoding=\"async\" width=\"2350\" height=\"1322\" src=\"https:\/\/www.facal.pt\/wp-content\/uploads\/2025\/03\/Facal_-360-PARIS-VANVES-2350x1322.jpg\" alt=\"\" data-id=\"2824\" data-full-url=\"https:\/\/www.facal.pt\/wp-content\/uploads\/2025\/03\/Facal_-360-PARIS-VANVES-scaled.jpg\" data-link=\"https:\/\/www.facal.pt\/pt\/facal_-360-paris-vanves\/\" class=\"wp-image-2824\" srcset=\"https:\/\/www.facal.pt\/wp-content\/uploads\/2025\/03\/Facal_-360-PARIS-VANVES-2350x1322.jpg 2350w, https:\/\/www.facal.pt\/wp-content\/uploads\/2025\/03\/Facal_-360-PARIS-VANVES-600x337.jpg 600w, https:\/\/www.facal.pt\/wp-content\/uploads\/2025\/03\/Facal_-360-PARIS-VANVES-300x169.jpg 300w, https:\/\/www.facal.pt\/wp-content\/uploads\/2025\/03\/Facal_-360-PARIS-VANVES-768x432.jpg 768w, https:\/\/www.facal.pt\/wp-content\/uploads\/2025\/03\/Facal_-360-PARIS-VANVES-1536x864.jpg 1536w, https:\/\/www.facal.pt\/wp-content\/uploads\/2025\/03\/Facal_-360-PARIS-VANVES-2048x1152.jpg 2048w\" sizes=\"auto, (max-width: 2350px) 100vw, 2350px\" \/><\/figure><\/li><li class=\"blocks-gallery-item\"><figure><img loading=\"lazy\" decoding=\"async\" width=\"2350\" height=\"1322\" src=\"https:\/\/www.facal.pt\/wp-content\/uploads\/2025\/03\/Facal-360-PARIS-VANVES-1-2350x1322.jpg\" alt=\"\" data-id=\"2827\" data-full-url=\"https:\/\/www.facal.pt\/wp-content\/uploads\/2025\/03\/Facal-360-PARIS-VANVES-1-scaled.jpg\" data-link=\"https:\/\/www.facal.pt\/pt\/facal-360-paris-vanves-2\/\" class=\"wp-image-2827\" srcset=\"https:\/\/www.facal.pt\/wp-content\/uploads\/2025\/03\/Facal-360-PARIS-VANVES-1-2350x1322.jpg 2350w, https:\/\/www.facal.pt\/wp-content\/uploads\/2025\/03\/Facal-360-PARIS-VANVES-1-600x337.jpg 600w, https:\/\/www.facal.pt\/wp-content\/uploads\/2025\/03\/Facal-360-PARIS-VANVES-1-300x169.jpg 300w, https:\/\/www.facal.pt\/wp-content\/uploads\/2025\/03\/Facal-360-PARIS-VANVES-1-768x432.jpg 768w, https:\/\/www.facal.pt\/wp-content\/uploads\/2025\/03\/Facal-360-PARIS-VANVES-1-1536x864.jpg 1536w, https:\/\/www.facal.pt\/wp-content\/uploads\/2025\/03\/Facal-360-PARIS-VANVES-1-2048x1152.jpg 2048w\" sizes=\"auto, (max-width: 2350px) 100vw, 2350px\" \/><\/figure><\/li><li class=\"blocks-gallery-item\"><figure><img loading=\"lazy\" decoding=\"async\" width=\"2350\" height=\"1322\" src=\"https:\/\/www.facal.pt\/wp-content\/uploads\/2022\/10\/FACAL-Immeuble-Mozaic_360_PCA-STREAM_Paris1-2350x1322.jpg\" alt=\"\" data-id=\"2817\" data-full-url=\"https:\/\/www.facal.pt\/wp-content\/uploads\/2022\/10\/FACAL-Immeuble-Mozaic_360_PCA-STREAM_Paris1-scaled.jpg\" data-link=\"https:\/\/www.facal.pt\/pt\/noticias\/immeuble-mozaic-360-paris-facal\/facal-immeuble-mozaic_360_pca-stream_paris1\/\" class=\"wp-image-2817\" srcset=\"https:\/\/www.facal.pt\/wp-content\/uploads\/2022\/10\/FACAL-Immeuble-Mozaic_360_PCA-STREAM_Paris1-2350x1322.jpg 2350w, https:\/\/www.facal.pt\/wp-content\/uploads\/2022\/10\/FACAL-Immeuble-Mozaic_360_PCA-STREAM_Paris1-600x337.jpg 600w, https:\/\/www.facal.pt\/wp-content\/uploads\/2022\/10\/FACAL-Immeuble-Mozaic_360_PCA-STREAM_Paris1-300x169.jpg 300w, https:\/\/www.facal.pt\/wp-content\/uploads\/2022\/10\/FACAL-Immeuble-Mozaic_360_PCA-STREAM_Paris1-768x432.jpg 768w, https:\/\/www.facal.pt\/wp-content\/uploads\/2022\/10\/FACAL-Immeuble-Mozaic_360_PCA-STREAM_Paris1-1536x864.jpg 1536w, https:\/\/www.facal.pt\/wp-content\/uploads\/2022\/10\/FACAL-Immeuble-Mozaic_360_PCA-STREAM_Paris1-2048x1152.jpg 2048w\" sizes=\"auto, (max-width: 2350px) 100vw, 2350px\" \/><\/figure><\/li><li class=\"blocks-gallery-item\"><figure><img loading=\"lazy\" decoding=\"async\" width=\"2350\" height=\"1322\" src=\"https:\/\/www.facal.pt\/wp-content\/uploads\/2025\/03\/Facal-360-PARIS-VANVES-2350x1322.jpg\" alt=\"\" data-id=\"2826\" data-full-url=\"https:\/\/www.facal.pt\/wp-content\/uploads\/2025\/03\/Facal-360-PARIS-VANVES-scaled.jpg\" data-link=\"https:\/\/www.facal.pt\/pt\/facal-360-paris-vanves\/\" class=\"wp-image-2826\" srcset=\"https:\/\/www.facal.pt\/wp-content\/uploads\/2025\/03\/Facal-360-PARIS-VANVES-2350x1322.jpg 2350w, https:\/\/www.facal.pt\/wp-content\/uploads\/2025\/03\/Facal-360-PARIS-VANVES-600x337.jpg 600w, https:\/\/www.facal.pt\/wp-content\/uploads\/2025\/03\/Facal-360-PARIS-VANVES-300x169.jpg 300w, https:\/\/www.facal.pt\/wp-content\/uploads\/2025\/03\/Facal-360-PARIS-VANVES-768x432.jpg 768w, https:\/\/www.facal.pt\/wp-content\/uploads\/2025\/03\/Facal-360-PARIS-VANVES-1536x864.jpg 1536w, https:\/\/www.facal.pt\/wp-content\/uploads\/2025\/03\/Facal-360-PARIS-VANVES-2048x1152.jpg 2048w\" sizes=\"auto, (max-width: 2350px) 100vw, 2350px\" \/><\/figure><\/li><li class=\"blocks-gallery-item\"><figure><img loading=\"lazy\" decoding=\"async\" width=\"1952\" height=\"1322\" src=\"https:\/\/www.facal.pt\/wp-content\/uploads\/2022\/10\/FACAL-Immeuble-Mozaic_360_PCA-STREAM_Paris2-1952x1322.jpg\" alt=\"360 PARIS VANVES\" data-id=\"2815\" data-full-url=\"https:\/\/www.facal.pt\/wp-content\/uploads\/2022\/10\/FACAL-Immeuble-Mozaic_360_PCA-STREAM_Paris2-scaled.jpg\" data-link=\"https:\/\/www.facal.pt\/pt\/noticias\/immeuble-mozaic-360-paris-facal\/facal-immeuble-mozaic_360_pca-stream_paris2\/\" class=\"wp-image-2815\" srcset=\"https:\/\/www.facal.pt\/wp-content\/uploads\/2022\/10\/FACAL-Immeuble-Mozaic_360_PCA-STREAM_Paris2-1952x1322.jpg 1952w, https:\/\/www.facal.pt\/wp-content\/uploads\/2022\/10\/FACAL-Immeuble-Mozaic_360_PCA-STREAM_Paris2-498x337.jpg 498w, https:\/\/www.facal.pt\/wp-content\/uploads\/2022\/10\/FACAL-Immeuble-Mozaic_360_PCA-STREAM_Paris2-768x520.jpg 768w, https:\/\/www.facal.pt\/wp-content\/uploads\/2022\/10\/FACAL-Immeuble-Mozaic_360_PCA-STREAM_Paris2-1536x1040.jpg 1536w, https:\/\/www.facal.pt\/wp-content\/uploads\/2022\/10\/FACAL-Immeuble-Mozaic_360_PCA-STREAM_Paris2-2048x1387.jpg 2048w\" sizes=\"auto, (max-width: 1952px) 100vw, 1952px\" \/><figcaption class=\"blocks-gallery-item__caption\">360 PARIS VANVES<\/figcaption><\/figure><\/li><\/ul><\/figure>\n\n\n<h1 class=\"wp-block-post-title\">360 PARIS VANVES<\/h1>\n\n\n<h2 class=\"wp-block-heading\"><strong><strong>360 PARIS VANVES &#8211; Projecto em parceira com a Vinci Constrution<\/strong><\/strong><\/h2>\n\n\n\n<p><strong>360 PARIS VANVES \u2013 Fachada t\u00e9cnica para uma reabilita\u00e7\u00e3o urbana de refer\u00eancia<\/strong><\/p>\n\n\n\n<p>A&nbsp;<strong>FACAL<\/strong>&nbsp;participou na transforma\u00e7\u00e3o do ic\u00f3nico&nbsp;<strong><a href=\"https:\/\/www.pca-stream.com\/fr\/projets\/360\/\" target=\"_blank\" rel=\"noreferrer noopener\">360 PARIS VANVES<\/a><\/strong>, em parceria com a&nbsp;<strong><a href=\"https:\/\/www.petit-construction.fr\" target=\"_blank\" rel=\"noreferrer noopener\">PETIT<\/a> (Vinci Construction)<\/strong>&nbsp;e o gabinete de arquitetura&nbsp;<strong><a href=\"https:\/\/pca-stream.com\/fr\/\" target=\"_blank\" data-type=\"URL\" data-id=\"https:\/\/pca-stream.com\/fr\/\" rel=\"noreferrer noopener\">PCA-STREAM<\/a><\/strong>.<\/p>\n\n\n\n<p>Localizado junto ao&nbsp;<strong>P\u00e9riph\u00e9rique de Paris<\/strong>, este conjunto imobili\u00e1rio de&nbsp;<strong>30.000 m\u00b2<\/strong>&nbsp;foi alvo de uma&nbsp;<strong>reabilita\u00e7\u00e3o profunda<\/strong>, combinando arquitetura vision\u00e1ria, compromisso ambiental e uma nova abordagem aos espa\u00e7os de trabalho.<\/p>\n\n\n\n<p>A&nbsp;<strong>FACAL<\/strong>&nbsp;foi respons\u00e1vel pela execu\u00e7\u00e3o da&nbsp;<strong>fachada principal<\/strong>, desenvolvida com&nbsp;<strong>solu\u00e7\u00f5es t\u00e9cnicas de elevada performance<\/strong>, adaptadas \u00e0s exig\u00eancias&nbsp;<strong>t\u00e9rmicas, ac\u00fasticas e de integra\u00e7\u00e3o urbana<\/strong>.<\/p>\n\n\n\n<p>Este projeto destaca-se ainda pelo seu compromisso com a sustentabilidade, atrav\u00e9s da&nbsp;<strong>redu\u00e7\u00e3o da pegada de carbono<\/strong>, da&nbsp;<strong>valoriza\u00e7\u00e3o de materiais existentes<\/strong>&nbsp;e pela obten\u00e7\u00e3o de certifica\u00e7\u00f5es de excel\u00eancia como&nbsp;<strong>HQE<\/strong>, <strong>BREEAM \u2013 Excellent<\/strong>&nbsp;e&nbsp;<strong>OSMOZ<\/strong>.<\/p>\n\n\n\n<p><\/p>\n","protected":false},"author":1,"featured_media":2825,"parent":0,"menu_order":6,"comment_status":"closed","ping_status":"closed","template":"pages\/wp_projectos.php","projectos-categorias":[16,10,11],"class_list":["post-2707","cpt_projectos","type-cpt_projectos","status-publish","has-post-thumbnail","hentry","projectos-categorias-destaque-portfolio","projectos-categorias-noticias","projectos-categorias-portfolio"],"_links":{"self":[{"href":"https:\/\/www.facal.pt\/pt\/wp-json\/wp\/v2\/cpt_projectos\/2707","targetHints":{"allow":["GET"]}}],"collection":[{"href":"https:\/\/www.facal.pt\/pt\/wp-json\/wp\/v2\/cpt_projectos"}],"about":[{"href":"https:\/\/www.facal.pt\/pt\/wp-json\/wp\/v2\/types\/cpt_projectos"}],"author":[{"embeddable":true,"href":"https:\/\/www.facal.pt\/pt\/wp-json\/wp\/v2\/users\/1"}],"replies":[{"embeddable":true,"href":"https:\/\/www.facal.pt\/pt\/wp-json\/wp\/v2\/comments?post=2707"}],"wp:featuredmedia":[{"embeddable":true,"href":"https:\/\/www.facal.pt\/pt\/wp-json\/wp\/v2\/media\/2825"}],"wp:attachment":[{"href":"https:\/\/www.facal.pt\/pt\/wp-json\/wp\/v2\/media?parent=2707"}],"wp:term":[{"taxonomy":"projectos-categorias","embeddable":true,"href":"https:\/\/www.facal.pt\/pt\/wp-json\/wp\/v2\/projectos-categorias?post=2707"}],"curies":[{"name":"wp","href":"https:\/\/api.w.org\/{rel}","templated":true}]}}

<figure class="wp-block-gallery columns-3 is-cropped wp-block-gallery-1 is-layout-flex wp-block-gallery-is-layout-flex"><ul class="blocks-gallery-grid"><li class="blocks-gallery-item"><figure><img loading="lazy" decoding="async" width="2350" height="1322" src="https://www.facal.pt/wp-content/uploads/2025/03/Facal_360-PARIS-VANVES_Mozaic-2350x1322.jpg" alt="" data-id="2825" data-full-url="https://www.facal.pt/wp-content/uploads/2025/03/Facal_360-PARIS-VANVES_Mozaic-scaled.jpg" data-link="https://www.facal.pt/pt/facal_360-paris-vanves_mozaic/" class="wp-image-2825" srcset="https://www.facal.pt/wp-content/uploads/2025/03/Facal_360-PARIS-VANVES_Mozaic-2350x1322.jpg 2350w, https://www.facal.pt/wp-content/uploads/2025/03/Facal_360-PARIS-VANVES_Mozaic-600x337.jpg 600w, https://www.facal.pt/wp-content/uploads/2025/03/Facal_360-PARIS-VANVES_Mozaic-300x169.jpg 300w, https://www.facal.pt/wp-content/uploads/2025/03/Facal_360-PARIS-VANVES_Mozaic-768x432.jpg 768w, https://www.facal.pt/wp-content/uploads/2025/03/Facal_360-PARIS-VANVES_Mozaic-1536x864.jpg 1536w, https://www.facal.pt/wp-content/uploads/2025/03/Facal_360-PARIS-VANVES_Mozaic-2048x1152.jpg 2048w" sizes="auto, (max-width: 2350px) 100vw, 2350px" /></figure></li><li class="blocks-gallery-item"><figure><img loading="lazy" decoding="async" width="2350" height="1322" src="https://www.facal.pt/wp-content/uploads/2025/03/Facal_-360-PARIS-VANVES-2350x1322.jpg" alt="" data-id="2824" data-full-url="https://www.facal.pt/wp-content/uploads/2025/03/Facal_-360-PARIS-VANVES-scaled.jpg" data-link="https://www.facal.pt/pt/facal_-360-paris-vanves/" class="wp-image-2824" srcset="https://www.facal.pt/wp-content/uploads/2025/03/Facal_-360-PARIS-VANVES-2350x1322.jpg 2350w, https://www.facal.pt/wp-content/uploads/2025/03/Facal_-360-PARIS-VANVES-600x337.jpg 600w, https://www.facal.pt/wp-content/uploads/2025/03/Facal_-360-PARIS-VANVES-300x169.jpg 300w, https://www.facal.pt/wp-content/uploads/2025/03/Facal_-360-PARIS-VANVES-768x432.jpg 768w, https://www.facal.pt/wp-content/uploads/2025/03/Facal_-360-PARIS-VANVES-1536x864.jpg 1536w, https://www.facal.pt/wp-content/uploads/2025/03/Facal_-360-PARIS-VANVES-2048x1152.jpg 2048w" sizes="auto, (max-width: 2350px) 100vw, 2350px" /></figure></li><li class="blocks-gallery-item"><figure><img loading="lazy" decoding="async" width="2350" height="1322" src="https://www.facal.pt/wp-content/uploads/2025/03/Facal-360-PARIS-VANVES-1-2350x1322.jpg" alt="" data-id="2827" data-full-url="https://www.facal.pt/wp-content/uploads/2025/03/Facal-360-PARIS-VANVES-1-scaled.jpg" data-link="https://www.facal.pt/pt/facal-360-paris-vanves-2/" class="wp-image-2827" srcset="https://www.facal.pt/wp-content/uploads/2025/03/Facal-360-PARIS-VANVES-1-2350x1322.jpg 2350w, https://www.facal.pt/wp-content/uploads/2025/03/Facal-360-PARIS-VANVES-1-600x337.jpg 600w, https://www.facal.pt/wp-content/uploads/2025/03/Facal-360-PARIS-VANVES-1-300x169.jpg 300w, https://www.facal.pt/wp-content/uploads/2025/03/Facal-360-PARIS-VANVES-1-768x432.jpg 768w, https://www.facal.pt/wp-content/uploads/2025/03/Facal-360-PARIS-VANVES-1-1536x864.jpg 1536w, https://www.facal.pt/wp-content/uploads/2025/03/Facal-360-PARIS-VANVES-1-2048x1152.jpg 2048w" sizes="auto, (max-width: 2350px) 100vw, 2350px" /></figure></li><li class="blocks-gallery-item"><figure><img loading="lazy" decoding="async" width="2350" height="1322" src="https://www.facal.pt/wp-content/uploads/2022/10/FACAL-Immeuble-Mozaic_360_PCA-STREAM_Paris1-2350x1322.jpg" alt="" data-id="2817" data-full-url="https://www.facal.pt/wp-content/uploads/2022/10/FACAL-Immeuble-Mozaic_360_PCA-STREAM_Paris1-scaled.jpg" data-link="https://www.facal.pt/pt/noticias/immeuble-mozaic-360-paris-facal/facal-immeuble-mozaic_360_pca-stream_paris1/" class="wp-image-2817" srcset="https://www.facal.pt/wp-content/uploads/2022/10/FACAL-Immeuble-Mozaic_360_PCA-STREAM_Paris1-2350x1322.jpg 2350w, https://www.facal.pt/wp-content/uploads/2022/10/FACAL-Immeuble-Mozaic_360_PCA-STREAM_Paris1-600x337.jpg 600w, https://www.facal.pt/wp-content/uploads/2022/10/FACAL-Immeuble-Mozaic_360_PCA-STREAM_Paris1-300x169.jpg 300w, https://www.facal.pt/wp-content/uploads/2022/10/FACAL-Immeuble-Mozaic_360_PCA-STREAM_Paris1-768x432.jpg 768w, https://www.facal.pt/wp-content/uploads/2022/10/FACAL-Immeuble-Mozaic_360_PCA-STREAM_Paris1-1536x864.jpg 1536w, https://www.facal.pt/wp-content/uploads/2022/10/FACAL-Immeuble-Mozaic_360_PCA-STREAM_Paris1-2048x1152.jpg 2048w" sizes="auto, (max-width: 2350px) 100vw, 2350px" /></figure></li><li class="blocks-gallery-item"><figure><img loading="lazy" decoding="async" width="2350" height="1322" src="https://www.facal.pt/wp-content/uploads/2025/03/Facal-360-PARIS-VANVES-2350x1322.jpg" alt="" data-id="2826" data-full-url="https://www.facal.pt/wp-content/uploads/2025/03/Facal-360-PARIS-VANVES-scaled.jpg" data-link="https://www.facal.pt/pt/facal-360-paris-vanves/" class="wp-image-2826" srcset="https://www.facal.pt/wp-content/uploads/2025/03/Facal-360-PARIS-VANVES-2350x1322.jpg 2350w, https://www.facal.pt/wp-content/uploads/2025/03/Facal-360-PARIS-VANVES-600x337.jpg 600w, https://www.facal.pt/wp-content/uploads/2025/03/Facal-360-PARIS-VANVES-300x169.jpg 300w, https://www.facal.pt/wp-content/uploads/2025/03/Facal-360-PARIS-VANVES-768x432.jpg 768w, https://www.facal.pt/wp-content/uploads/2025/03/Facal-360-PARIS-VANVES-1536x864.jpg 1536w, https://www.facal.pt/wp-content/uploads/2025/03/Facal-360-PARIS-VANVES-2048x1152.jpg 2048w" sizes="auto, (max-width: 2350px) 100vw, 2350px" /></figure></li><li class="blocks-gallery-item"><figure><img loading="lazy" decoding="async" width="1952" height="1322" src="https://www.facal.pt/wp-content/uploads/2022/10/FACAL-Immeuble-Mozaic_360_PCA-STREAM_Paris2-1952x1322.jpg" alt="360 PARIS VANVES" data-id="2815" data-full-url="https://www.facal.pt/wp-content/uploads/2022/10/FACAL-Immeuble-Mozaic_360_PCA-STREAM_Paris2-scaled.jpg" data-link="https://www.facal.pt/pt/noticias/immeuble-mozaic-360-paris-facal/facal-immeuble-mozaic_360_pca-stream_paris2/" class="wp-image-2815" srcset="https://www.facal.pt/wp-content/uploads/2022/10/FACAL-Immeuble-Mozaic_360_PCA-STREAM_Paris2-1952x1322.jpg 1952w, https://www.facal.pt/wp-content/uploads/2022/10/FACAL-Immeuble-Mozaic_360_PCA-STREAM_Paris2-498x337.jpg 498w, https://www.facal.pt/wp-content/uploads/2022/10/FACAL-Immeuble-Mozaic_360_PCA-STREAM_Paris2-768x520.jpg 768w, https://www.facal.pt/wp-content/uploads/2022/10/FACAL-Immeuble-Mozaic_360_PCA-STREAM_Paris2-1536x1040.jpg 1536w, https://www.facal.pt/wp-content/uploads/2022/10/FACAL-Immeuble-Mozaic_360_PCA-STREAM_Paris2-2048x1387.jpg 2048w" sizes="auto, (max-width: 1952px) 100vw, 1952px" /><figcaption class="blocks-gallery-item__caption">360 PARIS VANVES</figcaption></figure></li></ul></figure>


<h1 class="wp-block-post-title">360 PARIS VANVES</h1>


<h2 class="wp-block-heading"><strong><strong>360 PARIS VANVES &#8211; Projecto em parceira com a Vinci Constrution</strong></strong></h2>



<p><strong>360 PARIS VANVES – Fachada técnica para uma reabilitação urbana de referência</strong></p>



<p>A&nbsp;<strong>FACAL</strong>&nbsp;participou na transformação do icónico&nbsp;<strong><a href="https://www.pca-stream.com/fr/projets/360/" target="_blank" rel="noreferrer noopener">360 PARIS VANVES</a></strong>, em parceria com a&nbsp;<strong><a href="https://www.petit-construction.fr" target="_blank" rel="noreferrer noopener">PETIT</a> (Vinci Construction)</strong>&nbsp;e o gabinete de arquitetura&nbsp;<strong><a href="https://pca-stream.com/fr/" target="_blank" data-type="URL" data-id="https://pca-stream.com/fr/" rel="noreferrer noopener">PCA-STREAM</a></strong>.</p>



<p>Localizado junto ao&nbsp;<strong>Périphérique de Paris</strong>, este conjunto imobiliário de&nbsp;<strong>30.000 m²</strong>&nbsp;foi alvo de uma&nbsp;<strong>reabilitação profunda</strong>, combinando arquitetura visionária, compromisso ambiental e uma nova abordagem aos espaços de trabalho.</p>



<p>A&nbsp;<strong>FACAL</strong>&nbsp;foi responsável pela execução da&nbsp;<strong>fachada principal</strong>, desenvolvida com&nbsp;<strong>soluções técnicas de elevada performance</strong>, adaptadas às exigências&nbsp;<strong>térmicas, acústicas e de integração urbana</strong>.</p>



<p>Este projeto destaca-se ainda pelo seu compromisso com a sustentabilidade, através da&nbsp;<strong>redução da pegada de carbono</strong>, da&nbsp;<strong>valorização de materiais existentes</strong>&nbsp;e pela obtenção de certificações de excelência como&nbsp;<strong>HQE</strong>, <strong>BREEAM – Excellent</strong>&nbsp;e&nbsp;<strong>OSMOZ</strong>.</p>



<p></p>
