{"id":2032,"date":"2021-03-25T12:00:23","date_gmt":"2021-03-25T11:00:23","guid":{"rendered":"https:\/\/www.facal.pt\/en\/?p=2032"},"modified":"2023-06-29T17:02:05","modified_gmt":"2023-06-29T16:02:05","slug":"wellcome-malakoff-paris","status":"publish","type":"cpt_projectos","link":"https:\/\/www.facal.pt\/pt\/portfolio\/wellcome-malakoff-paris\/","title":{"rendered":"Wellcome Malakoff &#8211; Paris"},"content":{"rendered":"\n<figure class=\"wp-block-gallery columns-3 is-cropped wp-block-gallery-1 is-layout-flex wp-block-gallery-is-layout-flex\"><ul class=\"blocks-gallery-grid\"><li class=\"blocks-gallery-item\"><figure><img loading=\"lazy\" decoding=\"async\" width=\"2350\" height=\"1322\" src=\"https:\/\/www.facal.pt\/wp-content\/uploads\/2021\/03\/FACAL_Wellcome-Malakoff-Paris-2-2350x1322.jpg\" alt=\"Wellcome Malakoff\" data-id=\"2784\" data-full-url=\"https:\/\/www.facal.pt\/wp-content\/uploads\/2021\/03\/FACAL_Wellcome-Malakoff-Paris-2.jpg\" data-link=\"https:\/\/www.facal.pt\/pt\/portfolio\/wellcome-malakoff-paris\/facal_wellcome-malakoff-paris-4\/\" class=\"wp-image-2784\" srcset=\"https:\/\/www.facal.pt\/wp-content\/uploads\/2021\/03\/FACAL_Wellcome-Malakoff-Paris-2-2350x1322.jpg 2350w, https:\/\/www.facal.pt\/wp-content\/uploads\/2021\/03\/FACAL_Wellcome-Malakoff-Paris-2-600x337.jpg 600w, https:\/\/www.facal.pt\/wp-content\/uploads\/2021\/03\/FACAL_Wellcome-Malakoff-Paris-2-300x169.jpg 300w, https:\/\/www.facal.pt\/wp-content\/uploads\/2021\/03\/FACAL_Wellcome-Malakoff-Paris-2-768x432.jpg 768w, https:\/\/www.facal.pt\/wp-content\/uploads\/2021\/03\/FACAL_Wellcome-Malakoff-Paris-2-1536x864.jpg 1536w, https:\/\/www.facal.pt\/wp-content\/uploads\/2021\/03\/FACAL_Wellcome-Malakoff-Paris-2-2048x1152.jpg 2048w\" sizes=\"auto, (max-width: 2350px) 100vw, 2350px\" \/><figcaption class=\"blocks-gallery-item__caption\">Wellcome Malakoff<\/figcaption><\/figure><\/li><li class=\"blocks-gallery-item\"><figure><img loading=\"lazy\" decoding=\"async\" width=\"2350\" height=\"1322\" src=\"https:\/\/www.facal.pt\/wp-content\/uploads\/2021\/03\/FACAL_Wellcome-Malakoff-Paris-1-2350x1322.jpg\" alt=\"Wellcome Malakoff\" data-id=\"2783\" data-full-url=\"https:\/\/www.facal.pt\/wp-content\/uploads\/2021\/03\/FACAL_Wellcome-Malakoff-Paris-1.jpg\" data-link=\"https:\/\/www.facal.pt\/pt\/portfolio\/wellcome-malakoff-paris\/facal_wellcome-malakoff-paris-3\/\" class=\"wp-image-2783\" srcset=\"https:\/\/www.facal.pt\/wp-content\/uploads\/2021\/03\/FACAL_Wellcome-Malakoff-Paris-1-2350x1322.jpg 2350w, https:\/\/www.facal.pt\/wp-content\/uploads\/2021\/03\/FACAL_Wellcome-Malakoff-Paris-1-600x337.jpg 600w, https:\/\/www.facal.pt\/wp-content\/uploads\/2021\/03\/FACAL_Wellcome-Malakoff-Paris-1-300x169.jpg 300w, https:\/\/www.facal.pt\/wp-content\/uploads\/2021\/03\/FACAL_Wellcome-Malakoff-Paris-1-768x432.jpg 768w, https:\/\/www.facal.pt\/wp-content\/uploads\/2021\/03\/FACAL_Wellcome-Malakoff-Paris-1-1536x864.jpg 1536w, https:\/\/www.facal.pt\/wp-content\/uploads\/2021\/03\/FACAL_Wellcome-Malakoff-Paris-1-2048x1152.jpg 2048w\" sizes=\"auto, (max-width: 2350px) 100vw, 2350px\" \/><figcaption class=\"blocks-gallery-item__caption\">Wellcome Malakoff<\/figcaption><\/figure><\/li><li class=\"blocks-gallery-item\"><figure><img loading=\"lazy\" decoding=\"async\" width=\"2350\" height=\"1322\" src=\"https:\/\/www.facal.pt\/wp-content\/uploads\/2021\/03\/FACAL-Wellcome-Malakoff-Paris-1-2350x1322.jpg\" alt=\"Wellcome Malakoff\" data-id=\"2785\" data-full-url=\"https:\/\/www.facal.pt\/wp-content\/uploads\/2021\/03\/FACAL-Wellcome-Malakoff-Paris-1.jpg\" data-link=\"https:\/\/www.facal.pt\/pt\/portfolio\/wellcome-malakoff-paris\/facal-wellcome-malakoff-paris-4\/\" class=\"wp-image-2785\" srcset=\"https:\/\/www.facal.pt\/wp-content\/uploads\/2021\/03\/FACAL-Wellcome-Malakoff-Paris-1-2350x1322.jpg 2350w, https:\/\/www.facal.pt\/wp-content\/uploads\/2021\/03\/FACAL-Wellcome-Malakoff-Paris-1-600x337.jpg 600w, https:\/\/www.facal.pt\/wp-content\/uploads\/2021\/03\/FACAL-Wellcome-Malakoff-Paris-1-300x169.jpg 300w, https:\/\/www.facal.pt\/wp-content\/uploads\/2021\/03\/FACAL-Wellcome-Malakoff-Paris-1-768x432.jpg 768w, https:\/\/www.facal.pt\/wp-content\/uploads\/2021\/03\/FACAL-Wellcome-Malakoff-Paris-1-1536x864.jpg 1536w, https:\/\/www.facal.pt\/wp-content\/uploads\/2021\/03\/FACAL-Wellcome-Malakoff-Paris-1-2048x1152.jpg 2048w\" sizes=\"auto, (max-width: 2350px) 100vw, 2350px\" \/><figcaption class=\"blocks-gallery-item__caption\">Wellcome Malakoff<\/figcaption><\/figure><\/li><li class=\"blocks-gallery-item\"><figure><img loading=\"lazy\" decoding=\"async\" width=\"2350\" height=\"1322\" src=\"https:\/\/www.facal.pt\/wp-content\/uploads\/2022\/10\/Facal-Wellcome-Malakoff-Paris-2350x1322.jpg\" alt=\"Wellcome Malakoff\" data-id=\"2688\" data-full-url=\"https:\/\/www.facal.pt\/wp-content\/uploads\/2022\/10\/Facal-Wellcome-Malakoff-Paris.jpg\" data-link=\"https:\/\/www.facal.pt\/pt\/portfolio\/wellcome-malakoff-paris\/facal-wellcome-malakoff-paris-2\/\" class=\"wp-image-2688\" srcset=\"https:\/\/www.facal.pt\/wp-content\/uploads\/2022\/10\/Facal-Wellcome-Malakoff-Paris-2350x1322.jpg 2350w, https:\/\/www.facal.pt\/wp-content\/uploads\/2022\/10\/Facal-Wellcome-Malakoff-Paris-600x337.jpg 600w, https:\/\/www.facal.pt\/wp-content\/uploads\/2022\/10\/Facal-Wellcome-Malakoff-Paris-300x169.jpg 300w, https:\/\/www.facal.pt\/wp-content\/uploads\/2022\/10\/Facal-Wellcome-Malakoff-Paris-768x432.jpg 768w, https:\/\/www.facal.pt\/wp-content\/uploads\/2022\/10\/Facal-Wellcome-Malakoff-Paris-1536x864.jpg 1536w, https:\/\/www.facal.pt\/wp-content\/uploads\/2022\/10\/Facal-Wellcome-Malakoff-Paris-2048x1152.jpg 2048w\" sizes=\"auto, (max-width: 2350px) 100vw, 2350px\" \/><figcaption class=\"blocks-gallery-item__caption\">Wellcome Malakoff<\/figcaption><\/figure><\/li><li class=\"blocks-gallery-item\"><figure><img loading=\"lazy\" decoding=\"async\" width=\"2350\" height=\"1322\" src=\"https:\/\/www.facal.pt\/wp-content\/uploads\/2022\/10\/Facal-Wellcome-Malakoff-Paris-1-2350x1322.jpg\" alt=\"Wellcome Malakoff\" data-id=\"2689\" data-full-url=\"https:\/\/www.facal.pt\/wp-content\/uploads\/2022\/10\/Facal-Wellcome-Malakoff-Paris-1.jpg\" data-link=\"https:\/\/www.facal.pt\/pt\/portfolio\/wellcome-malakoff-paris\/facal-wellcome-malakoff-paris-1\/\" class=\"wp-image-2689\" srcset=\"https:\/\/www.facal.pt\/wp-content\/uploads\/2022\/10\/Facal-Wellcome-Malakoff-Paris-1-2350x1322.jpg 2350w, https:\/\/www.facal.pt\/wp-content\/uploads\/2022\/10\/Facal-Wellcome-Malakoff-Paris-1-600x337.jpg 600w, https:\/\/www.facal.pt\/wp-content\/uploads\/2022\/10\/Facal-Wellcome-Malakoff-Paris-1-300x169.jpg 300w, https:\/\/www.facal.pt\/wp-content\/uploads\/2022\/10\/Facal-Wellcome-Malakoff-Paris-1-768x432.jpg 768w, https:\/\/www.facal.pt\/wp-content\/uploads\/2022\/10\/Facal-Wellcome-Malakoff-Paris-1-1536x864.jpg 1536w, https:\/\/www.facal.pt\/wp-content\/uploads\/2022\/10\/Facal-Wellcome-Malakoff-Paris-1-2048x1152.jpg 2048w\" sizes=\"auto, (max-width: 2350px) 100vw, 2350px\" \/><figcaption class=\"blocks-gallery-item__caption\">Wellcome Malakoff<\/figcaption><\/figure><\/li><li class=\"blocks-gallery-item\"><figure><img loading=\"lazy\" decoding=\"async\" width=\"2350\" height=\"1322\" src=\"https:\/\/www.facal.pt\/wp-content\/uploads\/2022\/10\/Facal_Wellcome-Malakoff-Paris-2350x1322.jpg\" alt=\"Wellcome Malakoff\" data-id=\"2691\" data-full-url=\"https:\/\/www.facal.pt\/wp-content\/uploads\/2022\/10\/Facal_Wellcome-Malakoff-Paris.jpg\" data-link=\"https:\/\/www.facal.pt\/pt\/portfolio\/wellcome-malakoff-paris\/facal_wellcome-malakoff-paris\/\" class=\"wp-image-2691\" srcset=\"https:\/\/www.facal.pt\/wp-content\/uploads\/2022\/10\/Facal_Wellcome-Malakoff-Paris-2350x1322.jpg 2350w, https:\/\/www.facal.pt\/wp-content\/uploads\/2022\/10\/Facal_Wellcome-Malakoff-Paris-600x337.jpg 600w, https:\/\/www.facal.pt\/wp-content\/uploads\/2022\/10\/Facal_Wellcome-Malakoff-Paris-300x169.jpg 300w, https:\/\/www.facal.pt\/wp-content\/uploads\/2022\/10\/Facal_Wellcome-Malakoff-Paris-768x432.jpg 768w, https:\/\/www.facal.pt\/wp-content\/uploads\/2022\/10\/Facal_Wellcome-Malakoff-Paris-1536x864.jpg 1536w, https:\/\/www.facal.pt\/wp-content\/uploads\/2022\/10\/Facal_Wellcome-Malakoff-Paris-2048x1152.jpg 2048w\" sizes=\"auto, (max-width: 2350px) 100vw, 2350px\" \/><figcaption class=\"blocks-gallery-item__caption\">Wellcome Malakoff<\/figcaption><\/figure><\/li><li class=\"blocks-gallery-item\"><figure><img loading=\"lazy\" decoding=\"async\" width=\"2350\" height=\"1322\" src=\"https:\/\/www.facal.pt\/wp-content\/uploads\/2021\/03\/FACAL_Wellcome-Malakoff-Paris-2350x1322.jpg\" alt=\"Wellcome Malakoff\" data-id=\"2782\" data-full-url=\"https:\/\/www.facal.pt\/wp-content\/uploads\/2021\/03\/FACAL_Wellcome-Malakoff-Paris.jpg\" data-link=\"https:\/\/www.facal.pt\/pt\/portfolio\/wellcome-malakoff-paris\/facal_wellcome-malakoff-paris-2\/\" class=\"wp-image-2782\" srcset=\"https:\/\/www.facal.pt\/wp-content\/uploads\/2021\/03\/FACAL_Wellcome-Malakoff-Paris-2350x1322.jpg 2350w, https:\/\/www.facal.pt\/wp-content\/uploads\/2021\/03\/FACAL_Wellcome-Malakoff-Paris-600x337.jpg 600w, https:\/\/www.facal.pt\/wp-content\/uploads\/2021\/03\/FACAL_Wellcome-Malakoff-Paris-300x169.jpg 300w, https:\/\/www.facal.pt\/wp-content\/uploads\/2021\/03\/FACAL_Wellcome-Malakoff-Paris-768x432.jpg 768w, https:\/\/www.facal.pt\/wp-content\/uploads\/2021\/03\/FACAL_Wellcome-Malakoff-Paris-1536x864.jpg 1536w, https:\/\/www.facal.pt\/wp-content\/uploads\/2021\/03\/FACAL_Wellcome-Malakoff-Paris-2048x1152.jpg 2048w\" sizes=\"auto, (max-width: 2350px) 100vw, 2350px\" \/><figcaption class=\"blocks-gallery-item__caption\">Wellcome Malakoff<\/figcaption><\/figure><\/li><\/ul><\/figure>\n\n\n<h1 class=\"wp-block-post-title\">Wellcome Malakoff &#8211; Paris<\/h1>\n\n\n<h2 class=\"wp-block-heading\"><strong>Wellcome MalaKoff &#8211; Projecto em parceira com a EIFFAGE Construction <\/strong><\/h2>\n\n\n\n<p> O edif\u00edcio <a rel=\"noreferrer noopener\" href=\"https:\/\/wellcome-malakoff.com\/\" target=\"_blank\">Wellcome Malakoff <\/a>esta localizado na Rue Paul Vaillant Couturier<strong>, <\/strong>Malakoff, em Paris. Em parceria com a <a rel=\"noreferrer noopener\" href=\"https:\/\/www.eiffageconstruction.com\/\" target=\"_blank\">Eiffage Construction<\/a>, e nesse sentido a <a href=\"https:\/\/www.facal.pt\/pt\/noticias\/\" data-type=\"URL\" data-id=\"https:\/\/www.facal.pt\/pt\/noticias\/\">Facal<\/a> \u00e9 respons\u00e1vel pela execu\u00e7\u00e3o de todo o envelope de fachada exterior . O projecto foi concebido pelo gabinete: <a rel=\"noreferrer noopener\" href=\"http:\/\/www.hubert-godet.com\/projets\/construction-dun-immeuble-de-bureaux-malakoff\" target=\"_blank\">Hubert Godet Architectes<\/a>. <\/p>\n\n\n\n<p><\/p>\n","protected":false},"author":1,"featured_media":2784,"parent":0,"menu_order":10,"comment_status":"closed","ping_status":"closed","template":"pages\/wp_projectos.php","projectos-categorias":[10,11],"class_list":["post-2032","cpt_projectos","type-cpt_projectos","status-publish","has-post-thumbnail","hentry","projectos-categorias-noticias","projectos-categorias-portfolio"],"_links":{"self":[{"href":"https:\/\/www.facal.pt\/pt\/wp-json\/wp\/v2\/cpt_projectos\/2032","targetHints":{"allow":["GET"]}}],"collection":[{"href":"https:\/\/www.facal.pt\/pt\/wp-json\/wp\/v2\/cpt_projectos"}],"about":[{"href":"https:\/\/www.facal.pt\/pt\/wp-json\/wp\/v2\/types\/cpt_projectos"}],"author":[{"embeddable":true,"href":"https:\/\/www.facal.pt\/pt\/wp-json\/wp\/v2\/users\/1"}],"replies":[{"embeddable":true,"href":"https:\/\/www.facal.pt\/pt\/wp-json\/wp\/v2\/comments?post=2032"}],"wp:featuredmedia":[{"embeddable":true,"href":"https:\/\/www.facal.pt\/pt\/wp-json\/wp\/v2\/media\/2784"}],"wp:attachment":[{"href":"https:\/\/www.facal.pt\/pt\/wp-json\/wp\/v2\/media?parent=2032"}],"wp:term":[{"taxonomy":"projectos-categorias","embeddable":true,"href":"https:\/\/www.facal.pt\/pt\/wp-json\/wp\/v2\/projectos-categorias?post=2032"}],"curies":[{"name":"wp","href":"https:\/\/api.w.org\/{rel}","templated":true}]}}

<figure class="wp-block-gallery columns-3 is-cropped wp-block-gallery-1 is-layout-flex wp-block-gallery-is-layout-flex"><ul class="blocks-gallery-grid"><li class="blocks-gallery-item"><figure><img loading="lazy" decoding="async" width="2350" height="1322" src="https://www.facal.pt/wp-content/uploads/2021/03/FACAL_Wellcome-Malakoff-Paris-2-2350x1322.jpg" alt="Wellcome Malakoff" data-id="2784" data-full-url="https://www.facal.pt/wp-content/uploads/2021/03/FACAL_Wellcome-Malakoff-Paris-2.jpg" data-link="https://www.facal.pt/pt/portfolio/wellcome-malakoff-paris/facal_wellcome-malakoff-paris-4/" class="wp-image-2784" srcset="https://www.facal.pt/wp-content/uploads/2021/03/FACAL_Wellcome-Malakoff-Paris-2-2350x1322.jpg 2350w, https://www.facal.pt/wp-content/uploads/2021/03/FACAL_Wellcome-Malakoff-Paris-2-600x337.jpg 600w, https://www.facal.pt/wp-content/uploads/2021/03/FACAL_Wellcome-Malakoff-Paris-2-300x169.jpg 300w, https://www.facal.pt/wp-content/uploads/2021/03/FACAL_Wellcome-Malakoff-Paris-2-768x432.jpg 768w, https://www.facal.pt/wp-content/uploads/2021/03/FACAL_Wellcome-Malakoff-Paris-2-1536x864.jpg 1536w, https://www.facal.pt/wp-content/uploads/2021/03/FACAL_Wellcome-Malakoff-Paris-2-2048x1152.jpg 2048w" sizes="auto, (max-width: 2350px) 100vw, 2350px" /><figcaption class="blocks-gallery-item__caption">Wellcome Malakoff</figcaption></figure></li><li class="blocks-gallery-item"><figure><img loading="lazy" decoding="async" width="2350" height="1322" src="https://www.facal.pt/wp-content/uploads/2021/03/FACAL_Wellcome-Malakoff-Paris-1-2350x1322.jpg" alt="Wellcome Malakoff" data-id="2783" data-full-url="https://www.facal.pt/wp-content/uploads/2021/03/FACAL_Wellcome-Malakoff-Paris-1.jpg" data-link="https://www.facal.pt/pt/portfolio/wellcome-malakoff-paris/facal_wellcome-malakoff-paris-3/" class="wp-image-2783" srcset="https://www.facal.pt/wp-content/uploads/2021/03/FACAL_Wellcome-Malakoff-Paris-1-2350x1322.jpg 2350w, https://www.facal.pt/wp-content/uploads/2021/03/FACAL_Wellcome-Malakoff-Paris-1-600x337.jpg 600w, https://www.facal.pt/wp-content/uploads/2021/03/FACAL_Wellcome-Malakoff-Paris-1-300x169.jpg 300w, https://www.facal.pt/wp-content/uploads/2021/03/FACAL_Wellcome-Malakoff-Paris-1-768x432.jpg 768w, https://www.facal.pt/wp-content/uploads/2021/03/FACAL_Wellcome-Malakoff-Paris-1-1536x864.jpg 1536w, https://www.facal.pt/wp-content/uploads/2021/03/FACAL_Wellcome-Malakoff-Paris-1-2048x1152.jpg 2048w" sizes="auto, (max-width: 2350px) 100vw, 2350px" /><figcaption class="blocks-gallery-item__caption">Wellcome Malakoff</figcaption></figure></li><li class="blocks-gallery-item"><figure><img loading="lazy" decoding="async" width="2350" height="1322" src="https://www.facal.pt/wp-content/uploads/2021/03/FACAL-Wellcome-Malakoff-Paris-1-2350x1322.jpg" alt="Wellcome Malakoff" data-id="2785" data-full-url="https://www.facal.pt/wp-content/uploads/2021/03/FACAL-Wellcome-Malakoff-Paris-1.jpg" data-link="https://www.facal.pt/pt/portfolio/wellcome-malakoff-paris/facal-wellcome-malakoff-paris-4/" class="wp-image-2785" srcset="https://www.facal.pt/wp-content/uploads/2021/03/FACAL-Wellcome-Malakoff-Paris-1-2350x1322.jpg 2350w, https://www.facal.pt/wp-content/uploads/2021/03/FACAL-Wellcome-Malakoff-Paris-1-600x337.jpg 600w, https://www.facal.pt/wp-content/uploads/2021/03/FACAL-Wellcome-Malakoff-Paris-1-300x169.jpg 300w, https://www.facal.pt/wp-content/uploads/2021/03/FACAL-Wellcome-Malakoff-Paris-1-768x432.jpg 768w, https://www.facal.pt/wp-content/uploads/2021/03/FACAL-Wellcome-Malakoff-Paris-1-1536x864.jpg 1536w, https://www.facal.pt/wp-content/uploads/2021/03/FACAL-Wellcome-Malakoff-Paris-1-2048x1152.jpg 2048w" sizes="auto, (max-width: 2350px) 100vw, 2350px" /><figcaption class="blocks-gallery-item__caption">Wellcome Malakoff</figcaption></figure></li><li class="blocks-gallery-item"><figure><img loading="lazy" decoding="async" width="2350" height="1322" src="https://www.facal.pt/wp-content/uploads/2022/10/Facal-Wellcome-Malakoff-Paris-2350x1322.jpg" alt="Wellcome Malakoff" data-id="2688" data-full-url="https://www.facal.pt/wp-content/uploads/2022/10/Facal-Wellcome-Malakoff-Paris.jpg" data-link="https://www.facal.pt/pt/portfolio/wellcome-malakoff-paris/facal-wellcome-malakoff-paris-2/" class="wp-image-2688" srcset="https://www.facal.pt/wp-content/uploads/2022/10/Facal-Wellcome-Malakoff-Paris-2350x1322.jpg 2350w, https://www.facal.pt/wp-content/uploads/2022/10/Facal-Wellcome-Malakoff-Paris-600x337.jpg 600w, https://www.facal.pt/wp-content/uploads/2022/10/Facal-Wellcome-Malakoff-Paris-300x169.jpg 300w, https://www.facal.pt/wp-content/uploads/2022/10/Facal-Wellcome-Malakoff-Paris-768x432.jpg 768w, https://www.facal.pt/wp-content/uploads/2022/10/Facal-Wellcome-Malakoff-Paris-1536x864.jpg 1536w, https://www.facal.pt/wp-content/uploads/2022/10/Facal-Wellcome-Malakoff-Paris-2048x1152.jpg 2048w" sizes="auto, (max-width: 2350px) 100vw, 2350px" /><figcaption class="blocks-gallery-item__caption">Wellcome Malakoff</figcaption></figure></li><li class="blocks-gallery-item"><figure><img loading="lazy" decoding="async" width="2350" height="1322" src="https://www.facal.pt/wp-content/uploads/2022/10/Facal-Wellcome-Malakoff-Paris-1-2350x1322.jpg" alt="Wellcome Malakoff" data-id="2689" data-full-url="https://www.facal.pt/wp-content/uploads/2022/10/Facal-Wellcome-Malakoff-Paris-1.jpg" data-link="https://www.facal.pt/pt/portfolio/wellcome-malakoff-paris/facal-wellcome-malakoff-paris-1/" class="wp-image-2689" srcset="https://www.facal.pt/wp-content/uploads/2022/10/Facal-Wellcome-Malakoff-Paris-1-2350x1322.jpg 2350w, https://www.facal.pt/wp-content/uploads/2022/10/Facal-Wellcome-Malakoff-Paris-1-600x337.jpg 600w, https://www.facal.pt/wp-content/uploads/2022/10/Facal-Wellcome-Malakoff-Paris-1-300x169.jpg 300w, https://www.facal.pt/wp-content/uploads/2022/10/Facal-Wellcome-Malakoff-Paris-1-768x432.jpg 768w, https://www.facal.pt/wp-content/uploads/2022/10/Facal-Wellcome-Malakoff-Paris-1-1536x864.jpg 1536w, https://www.facal.pt/wp-content/uploads/2022/10/Facal-Wellcome-Malakoff-Paris-1-2048x1152.jpg 2048w" sizes="auto, (max-width: 2350px) 100vw, 2350px" /><figcaption class="blocks-gallery-item__caption">Wellcome Malakoff</figcaption></figure></li><li class="blocks-gallery-item"><figure><img loading="lazy" decoding="async" width="2350" height="1322" src="https://www.facal.pt/wp-content/uploads/2022/10/Facal_Wellcome-Malakoff-Paris-2350x1322.jpg" alt="Wellcome Malakoff" data-id="2691" data-full-url="https://www.facal.pt/wp-content/uploads/2022/10/Facal_Wellcome-Malakoff-Paris.jpg" data-link="https://www.facal.pt/pt/portfolio/wellcome-malakoff-paris/facal_wellcome-malakoff-paris/" class="wp-image-2691" srcset="https://www.facal.pt/wp-content/uploads/2022/10/Facal_Wellcome-Malakoff-Paris-2350x1322.jpg 2350w, https://www.facal.pt/wp-content/uploads/2022/10/Facal_Wellcome-Malakoff-Paris-600x337.jpg 600w, https://www.facal.pt/wp-content/uploads/2022/10/Facal_Wellcome-Malakoff-Paris-300x169.jpg 300w, https://www.facal.pt/wp-content/uploads/2022/10/Facal_Wellcome-Malakoff-Paris-768x432.jpg 768w, https://www.facal.pt/wp-content/uploads/2022/10/Facal_Wellcome-Malakoff-Paris-1536x864.jpg 1536w, https://www.facal.pt/wp-content/uploads/2022/10/Facal_Wellcome-Malakoff-Paris-2048x1152.jpg 2048w" sizes="auto, (max-width: 2350px) 100vw, 2350px" /><figcaption class="blocks-gallery-item__caption">Wellcome Malakoff</figcaption></figure></li><li class="blocks-gallery-item"><figure><img loading="lazy" decoding="async" width="2350" height="1322" src="https://www.facal.pt/wp-content/uploads/2021/03/FACAL_Wellcome-Malakoff-Paris-2350x1322.jpg" alt="Wellcome Malakoff" data-id="2782" data-full-url="https://www.facal.pt/wp-content/uploads/2021/03/FACAL_Wellcome-Malakoff-Paris.jpg" data-link="https://www.facal.pt/pt/portfolio/wellcome-malakoff-paris/facal_wellcome-malakoff-paris-2/" class="wp-image-2782" srcset="https://www.facal.pt/wp-content/uploads/2021/03/FACAL_Wellcome-Malakoff-Paris-2350x1322.jpg 2350w, https://www.facal.pt/wp-content/uploads/2021/03/FACAL_Wellcome-Malakoff-Paris-600x337.jpg 600w, https://www.facal.pt/wp-content/uploads/2021/03/FACAL_Wellcome-Malakoff-Paris-300x169.jpg 300w, https://www.facal.pt/wp-content/uploads/2021/03/FACAL_Wellcome-Malakoff-Paris-768x432.jpg 768w, https://www.facal.pt/wp-content/uploads/2021/03/FACAL_Wellcome-Malakoff-Paris-1536x864.jpg 1536w, https://www.facal.pt/wp-content/uploads/2021/03/FACAL_Wellcome-Malakoff-Paris-2048x1152.jpg 2048w" sizes="auto, (max-width: 2350px) 100vw, 2350px" /><figcaption class="blocks-gallery-item__caption">Wellcome Malakoff</figcaption></figure></li></ul></figure>


<h1 class="wp-block-post-title">Wellcome Malakoff &#8211; Paris</h1>


<h2 class="wp-block-heading"><strong>Wellcome MalaKoff &#8211; Projecto em parceira com a EIFFAGE Construction </strong></h2>



<p> O edifício <a rel="noreferrer noopener" href="https://wellcome-malakoff.com/" target="_blank">Wellcome Malakoff </a>esta localizado na Rue Paul Vaillant Couturier<strong>, </strong>Malakoff, em Paris. Em parceria com a <a rel="noreferrer noopener" href="https://www.eiffageconstruction.com/" target="_blank">Eiffage Construction</a>, e nesse sentido a <a href="https://www.facal.pt/pt/noticias/" data-type="URL" data-id="https://www.facal.pt/pt/noticias/">Facal</a> é responsável pela execução de todo o envelope de fachada exterior . O projecto foi concebido pelo gabinete: <a rel="noreferrer noopener" href="http://www.hubert-godet.com/projets/construction-dun-immeuble-de-bureaux-malakoff" target="_blank">Hubert Godet Architectes</a>. </p>



<p></p>
