{"id":105,"date":"2016-08-16T17:28:30","date_gmt":"2016-08-16T16:28:30","guid":{"rendered":"http:\/\/194.38.139.105\/~facal\/?p=105"},"modified":"2022-10-21T12:41:34","modified_gmt":"2022-10-21T11:41:34","slug":"torre-h-campus-da-justica-facal","status":"publish","type":"cpt_projectos","link":"https:\/\/www.facal.pt\/pt\/portfolio\/torre-h-campus-da-justica-facal\/","title":{"rendered":"Edif\u00edcio H &#8211; Campus da Justi\u00e7a, Lisboa"},"content":{"rendered":"\n<figure class=\"wp-block-gallery columns-3 is-cropped wp-block-gallery-1 is-layout-flex wp-block-gallery-is-layout-flex\"><ul class=\"blocks-gallery-grid\"><li class=\"blocks-gallery-item\"><figure><img loading=\"lazy\" decoding=\"async\" width=\"2350\" height=\"1322\" src=\"https:\/\/www.facal.pt\/wp-content\/uploads\/2021\/10\/Facal-Edificio-H-Campus-da-Justica-Lisboa-2350x1322.jpg\" alt=\"Facal - Edif\u00edcio H - Campus da Justi\u00e7a, Lisboa\" data-id=\"2285\" data-full-url=\"https:\/\/www.facal.pt\/wp-content\/uploads\/2021\/10\/Facal-Edificio-H-Campus-da-Justica-Lisboa.jpg\" data-link=\"https:\/\/www.facal.pt\/pt\/portfolio\/edificio-h\/facal-edificio-h-campus-da-justica-lisboa\/\" class=\"wp-image-2285\" srcset=\"https:\/\/www.facal.pt\/wp-content\/uploads\/2021\/10\/Facal-Edificio-H-Campus-da-Justica-Lisboa-2350x1322.jpg 2350w, https:\/\/www.facal.pt\/wp-content\/uploads\/2021\/10\/Facal-Edificio-H-Campus-da-Justica-Lisboa-600x337.jpg 600w, https:\/\/www.facal.pt\/wp-content\/uploads\/2021\/10\/Facal-Edificio-H-Campus-da-Justica-Lisboa-300x169.jpg 300w, https:\/\/www.facal.pt\/wp-content\/uploads\/2021\/10\/Facal-Edificio-H-Campus-da-Justica-Lisboa-768x432.jpg 768w, https:\/\/www.facal.pt\/wp-content\/uploads\/2021\/10\/Facal-Edificio-H-Campus-da-Justica-Lisboa-1536x864.jpg 1536w, https:\/\/www.facal.pt\/wp-content\/uploads\/2021\/10\/Facal-Edificio-H-Campus-da-Justica-Lisboa-2048x1152.jpg 2048w\" sizes=\"auto, (max-width: 2350px) 100vw, 2350px\" \/><\/figure><\/li><li class=\"blocks-gallery-item\"><figure><img loading=\"lazy\" decoding=\"async\" width=\"2350\" height=\"1322\" src=\"https:\/\/www.facal.pt\/wp-content\/uploads\/2021\/10\/Facal_Edificio_H_Campus-da-Justica_Lisboa-2350x1322.jpg\" alt=\"Facal - Edif\u00edcio H - Campus da Justi\u00e7a, Lisboa\" data-id=\"2286\" data-full-url=\"https:\/\/www.facal.pt\/wp-content\/uploads\/2021\/10\/Facal_Edificio_H_Campus-da-Justica_Lisboa.jpg\" data-link=\"https:\/\/www.facal.pt\/pt\/portfolio\/edificio-h\/facal_edificio_h_campus-da-justica_lisboa\/\" class=\"wp-image-2286\" srcset=\"https:\/\/www.facal.pt\/wp-content\/uploads\/2021\/10\/Facal_Edificio_H_Campus-da-Justica_Lisboa-2350x1322.jpg 2350w, https:\/\/www.facal.pt\/wp-content\/uploads\/2021\/10\/Facal_Edificio_H_Campus-da-Justica_Lisboa-600x337.jpg 600w, https:\/\/www.facal.pt\/wp-content\/uploads\/2021\/10\/Facal_Edificio_H_Campus-da-Justica_Lisboa-300x169.jpg 300w, https:\/\/www.facal.pt\/wp-content\/uploads\/2021\/10\/Facal_Edificio_H_Campus-da-Justica_Lisboa-768x432.jpg 768w, https:\/\/www.facal.pt\/wp-content\/uploads\/2021\/10\/Facal_Edificio_H_Campus-da-Justica_Lisboa-1536x863.jpg 1536w, https:\/\/www.facal.pt\/wp-content\/uploads\/2021\/10\/Facal_Edificio_H_Campus-da-Justica_Lisboa-2048x1151.jpg 2048w\" sizes=\"auto, (max-width: 2350px) 100vw, 2350px\" \/><\/figure><\/li><li class=\"blocks-gallery-item\"><figure><img loading=\"lazy\" decoding=\"async\" width=\"2350\" height=\"1322\" src=\"https:\/\/www.facal.pt\/wp-content\/uploads\/2021\/10\/Facal-Edificio-H-Campus-da-Justica-Lisboa-1-2350x1322.jpg\" alt=\"Facal - Edif\u00edcio H - Campus da Justi\u00e7a, Lisboa\" data-id=\"2287\" data-full-url=\"https:\/\/www.facal.pt\/wp-content\/uploads\/2021\/10\/Facal-Edificio-H-Campus-da-Justica-Lisboa-1.jpg\" data-link=\"https:\/\/www.facal.pt\/pt\/portfolio\/edificio-h\/facal-edificio-h-campus-da-justica-lisboa-1\/\" class=\"wp-image-2287\" srcset=\"https:\/\/www.facal.pt\/wp-content\/uploads\/2021\/10\/Facal-Edificio-H-Campus-da-Justica-Lisboa-1-2350x1322.jpg 2350w, https:\/\/www.facal.pt\/wp-content\/uploads\/2021\/10\/Facal-Edificio-H-Campus-da-Justica-Lisboa-1-600x337.jpg 600w, https:\/\/www.facal.pt\/wp-content\/uploads\/2021\/10\/Facal-Edificio-H-Campus-da-Justica-Lisboa-1-300x169.jpg 300w, https:\/\/www.facal.pt\/wp-content\/uploads\/2021\/10\/Facal-Edificio-H-Campus-da-Justica-Lisboa-1-768x432.jpg 768w, https:\/\/www.facal.pt\/wp-content\/uploads\/2021\/10\/Facal-Edificio-H-Campus-da-Justica-Lisboa-1-1536x863.jpg 1536w, https:\/\/www.facal.pt\/wp-content\/uploads\/2021\/10\/Facal-Edificio-H-Campus-da-Justica-Lisboa-1-2048x1151.jpg 2048w\" sizes=\"auto, (max-width: 2350px) 100vw, 2350px\" \/><\/figure><\/li><li class=\"blocks-gallery-item\"><figure><img loading=\"lazy\" decoding=\"async\" width=\"2350\" height=\"1322\" src=\"https:\/\/www.facal.pt\/wp-content\/uploads\/2016\/11\/Facal-Edificio-H-Lisboa-2350x1322.jpg\" alt=\"Facal Consulting - Campus Judicial no Parque das Na\u00e7\u00f5es\" data-id=\"2283\" data-full-url=\"https:\/\/www.facal.pt\/wp-content\/uploads\/2016\/11\/Facal-Edificio-H-Lisboa.jpg\" data-link=\"https:\/\/www.facal.pt\/pt\/noticias\/facal-consulting-campus-judicial-lisboa\/facal-edificio-h-lisboa\/\" class=\"wp-image-2283\" srcset=\"https:\/\/www.facal.pt\/wp-content\/uploads\/2016\/11\/Facal-Edificio-H-Lisboa-2350x1322.jpg 2350w, https:\/\/www.facal.pt\/wp-content\/uploads\/2016\/11\/Facal-Edificio-H-Lisboa-600x337.jpg 600w, https:\/\/www.facal.pt\/wp-content\/uploads\/2016\/11\/Facal-Edificio-H-Lisboa-300x169.jpg 300w, https:\/\/www.facal.pt\/wp-content\/uploads\/2016\/11\/Facal-Edificio-H-Lisboa-768x432.jpg 768w, https:\/\/www.facal.pt\/wp-content\/uploads\/2016\/11\/Facal-Edificio-H-Lisboa-1536x864.jpg 1536w, https:\/\/www.facal.pt\/wp-content\/uploads\/2016\/11\/Facal-Edificio-H-Lisboa-2048x1152.jpg 2048w\" sizes=\"auto, (max-width: 2350px) 100vw, 2350px\" \/><\/figure><\/li><li class=\"blocks-gallery-item\"><figure><img loading=\"lazy\" decoding=\"async\" width=\"2350\" height=\"1322\" src=\"https:\/\/www.facal.pt\/wp-content\/uploads\/2021\/10\/Facal-Edificio-H_Campus-da-Justica-Lisboa-2350x1322.jpg\" alt=\"Facal - Edif\u00edcio H - Campus da Justi\u00e7a, Lisboa\" data-id=\"2288\" data-full-url=\"https:\/\/www.facal.pt\/wp-content\/uploads\/2021\/10\/Facal-Edificio-H_Campus-da-Justica-Lisboa.jpg\" data-link=\"https:\/\/www.facal.pt\/pt\/portfolio\/edificio-h\/facal-edificio-h_campus-da-justica-lisboa\/\" class=\"wp-image-2288\" srcset=\"https:\/\/www.facal.pt\/wp-content\/uploads\/2021\/10\/Facal-Edificio-H_Campus-da-Justica-Lisboa-2350x1322.jpg 2350w, https:\/\/www.facal.pt\/wp-content\/uploads\/2021\/10\/Facal-Edificio-H_Campus-da-Justica-Lisboa-600x337.jpg 600w, https:\/\/www.facal.pt\/wp-content\/uploads\/2021\/10\/Facal-Edificio-H_Campus-da-Justica-Lisboa-300x169.jpg 300w, https:\/\/www.facal.pt\/wp-content\/uploads\/2021\/10\/Facal-Edificio-H_Campus-da-Justica-Lisboa-768x432.jpg 768w, https:\/\/www.facal.pt\/wp-content\/uploads\/2021\/10\/Facal-Edificio-H_Campus-da-Justica-Lisboa-1536x864.jpg 1536w, https:\/\/www.facal.pt\/wp-content\/uploads\/2021\/10\/Facal-Edificio-H_Campus-da-Justica-Lisboa-2048x1152.jpg 2048w\" sizes=\"auto, (max-width: 2350px) 100vw, 2350px\" \/><\/figure><\/li><\/ul><\/figure>\n\n\n<h1 class=\"wp-block-post-title\">Edif\u00edcio H &#8211; Campus da Justi\u00e7a, Lisboa<\/h1>\n\n\n<h2 class=\"wp-block-heading\">Facal executou a fachada de pele dupla do Edif\u00edcio H<\/h2>\n\n\n\n<p>O Edif\u00edcio H &#8211; Campus da Justi\u00e7a foi fruto de um desenvolvimento faseado e cuidado.\u00a0A <a href=\"https:\/\/www.facal.pt\/pt\/portfolio\/\" target=\"_blank\" data-type=\"URL\" data-id=\"https:\/\/www.facal.pt\/pt\/portfolio\/\" rel=\"noreferrer noopener\">FACAL<\/a> executou uma fachada dupla, funcionando como uma estrutura que cumpre as fun\u00e7\u00f5es para a qual foi projectada: <a href=\"http:\/\/www.nla.pt\/index.php\/pt\/projecto\/edificios-empresariais\/236_campus-da-justica-de-lisboa\">aliar o conceito arquitect\u00f3nico<\/a> de transpar\u00eancia a um controlo adequado das trocas de energia com o exterior. O edif\u00edcio resulta pois numa envolvente totalmente envidra\u00e7ada, desenvolvida com o objectivo de garantir baixos consumos de energia para climatiza\u00e7\u00e3o do espa\u00e7o interior do edif\u00edcio mantendo um elevado conforto dos seus utilizadores.<\/p>\n","protected":false},"author":1,"featured_media":2285,"parent":0,"menu_order":50,"comment_status":"open","ping_status":"closed","template":"pages\/wp_projectos.php","projectos-categorias":[10,11],"class_list":["post-105","cpt_projectos","type-cpt_projectos","status-publish","has-post-thumbnail","hentry","projectos-categorias-noticias","projectos-categorias-portfolio"],"_links":{"self":[{"href":"https:\/\/www.facal.pt\/pt\/wp-json\/wp\/v2\/cpt_projectos\/105","targetHints":{"allow":["GET"]}}],"collection":[{"href":"https:\/\/www.facal.pt\/pt\/wp-json\/wp\/v2\/cpt_projectos"}],"about":[{"href":"https:\/\/www.facal.pt\/pt\/wp-json\/wp\/v2\/types\/cpt_projectos"}],"author":[{"embeddable":true,"href":"https:\/\/www.facal.pt\/pt\/wp-json\/wp\/v2\/users\/1"}],"replies":[{"embeddable":true,"href":"https:\/\/www.facal.pt\/pt\/wp-json\/wp\/v2\/comments?post=105"}],"wp:featuredmedia":[{"embeddable":true,"href":"https:\/\/www.facal.pt\/pt\/wp-json\/wp\/v2\/media\/2285"}],"wp:attachment":[{"href":"https:\/\/www.facal.pt\/pt\/wp-json\/wp\/v2\/media?parent=105"}],"wp:term":[{"taxonomy":"projectos-categorias","embeddable":true,"href":"https:\/\/www.facal.pt\/pt\/wp-json\/wp\/v2\/projectos-categorias?post=105"}],"curies":[{"name":"wp","href":"https:\/\/api.w.org\/{rel}","templated":true}]}}

Edifício H &#8211; Campus da Justiça, Lisboa

<figure class="wp-block-gallery columns-3 is-cropped wp-block-gallery-1 is-layout-flex wp-block-gallery-is-layout-flex"><ul class="blocks-gallery-grid"><li class="blocks-gallery-item"><figure><img loading="lazy" decoding="async" width="2350" height="1322" src="https://www.facal.pt/wp-content/uploads/2021/10/Facal-Edificio-H-Campus-da-Justica-Lisboa-2350x1322.jpg" alt="Facal - Edifício H - Campus da Justiça, Lisboa" data-id="2285" data-full-url="https://www.facal.pt/wp-content/uploads/2021/10/Facal-Edificio-H-Campus-da-Justica-Lisboa.jpg" data-link="https://www.facal.pt/pt/portfolio/edificio-h/facal-edificio-h-campus-da-justica-lisboa/" class="wp-image-2285" srcset="https://www.facal.pt/wp-content/uploads/2021/10/Facal-Edificio-H-Campus-da-Justica-Lisboa-2350x1322.jpg 2350w, https://www.facal.pt/wp-content/uploads/2021/10/Facal-Edificio-H-Campus-da-Justica-Lisboa-600x337.jpg 600w, https://www.facal.pt/wp-content/uploads/2021/10/Facal-Edificio-H-Campus-da-Justica-Lisboa-300x169.jpg 300w, https://www.facal.pt/wp-content/uploads/2021/10/Facal-Edificio-H-Campus-da-Justica-Lisboa-768x432.jpg 768w, https://www.facal.pt/wp-content/uploads/2021/10/Facal-Edificio-H-Campus-da-Justica-Lisboa-1536x864.jpg 1536w, https://www.facal.pt/wp-content/uploads/2021/10/Facal-Edificio-H-Campus-da-Justica-Lisboa-2048x1152.jpg 2048w" sizes="auto, (max-width: 2350px) 100vw, 2350px" /></figure></li><li class="blocks-gallery-item"><figure><img loading="lazy" decoding="async" width="2350" height="1322" src="https://www.facal.pt/wp-content/uploads/2021/10/Facal_Edificio_H_Campus-da-Justica_Lisboa-2350x1322.jpg" alt="Facal - Edifício H - Campus da Justiça, Lisboa" data-id="2286" data-full-url="https://www.facal.pt/wp-content/uploads/2021/10/Facal_Edificio_H_Campus-da-Justica_Lisboa.jpg" data-link="https://www.facal.pt/pt/portfolio/edificio-h/facal_edificio_h_campus-da-justica_lisboa/" class="wp-image-2286" srcset="https://www.facal.pt/wp-content/uploads/2021/10/Facal_Edificio_H_Campus-da-Justica_Lisboa-2350x1322.jpg 2350w, https://www.facal.pt/wp-content/uploads/2021/10/Facal_Edificio_H_Campus-da-Justica_Lisboa-600x337.jpg 600w, https://www.facal.pt/wp-content/uploads/2021/10/Facal_Edificio_H_Campus-da-Justica_Lisboa-300x169.jpg 300w, https://www.facal.pt/wp-content/uploads/2021/10/Facal_Edificio_H_Campus-da-Justica_Lisboa-768x432.jpg 768w, https://www.facal.pt/wp-content/uploads/2021/10/Facal_Edificio_H_Campus-da-Justica_Lisboa-1536x863.jpg 1536w, https://www.facal.pt/wp-content/uploads/2021/10/Facal_Edificio_H_Campus-da-Justica_Lisboa-2048x1151.jpg 2048w" sizes="auto, (max-width: 2350px) 100vw, 2350px" /></figure></li><li class="blocks-gallery-item"><figure><img loading="lazy" decoding="async" width="2350" height="1322" src="https://www.facal.pt/wp-content/uploads/2021/10/Facal-Edificio-H-Campus-da-Justica-Lisboa-1-2350x1322.jpg" alt="Facal - Edifício H - Campus da Justiça, Lisboa" data-id="2287" data-full-url="https://www.facal.pt/wp-content/uploads/2021/10/Facal-Edificio-H-Campus-da-Justica-Lisboa-1.jpg" data-link="https://www.facal.pt/pt/portfolio/edificio-h/facal-edificio-h-campus-da-justica-lisboa-1/" class="wp-image-2287" srcset="https://www.facal.pt/wp-content/uploads/2021/10/Facal-Edificio-H-Campus-da-Justica-Lisboa-1-2350x1322.jpg 2350w, https://www.facal.pt/wp-content/uploads/2021/10/Facal-Edificio-H-Campus-da-Justica-Lisboa-1-600x337.jpg 600w, https://www.facal.pt/wp-content/uploads/2021/10/Facal-Edificio-H-Campus-da-Justica-Lisboa-1-300x169.jpg 300w, https://www.facal.pt/wp-content/uploads/2021/10/Facal-Edificio-H-Campus-da-Justica-Lisboa-1-768x432.jpg 768w, https://www.facal.pt/wp-content/uploads/2021/10/Facal-Edificio-H-Campus-da-Justica-Lisboa-1-1536x863.jpg 1536w, https://www.facal.pt/wp-content/uploads/2021/10/Facal-Edificio-H-Campus-da-Justica-Lisboa-1-2048x1151.jpg 2048w" sizes="auto, (max-width: 2350px) 100vw, 2350px" /></figure></li><li class="blocks-gallery-item"><figure><img loading="lazy" decoding="async" width="2350" height="1322" src="https://www.facal.pt/wp-content/uploads/2016/11/Facal-Edificio-H-Lisboa-2350x1322.jpg" alt="Facal Consulting - Campus Judicial no Parque das Nações" data-id="2283" data-full-url="https://www.facal.pt/wp-content/uploads/2016/11/Facal-Edificio-H-Lisboa.jpg" data-link="https://www.facal.pt/pt/noticias/facal-consulting-campus-judicial-lisboa/facal-edificio-h-lisboa/" class="wp-image-2283" srcset="https://www.facal.pt/wp-content/uploads/2016/11/Facal-Edificio-H-Lisboa-2350x1322.jpg 2350w, https://www.facal.pt/wp-content/uploads/2016/11/Facal-Edificio-H-Lisboa-600x337.jpg 600w, https://www.facal.pt/wp-content/uploads/2016/11/Facal-Edificio-H-Lisboa-300x169.jpg 300w, https://www.facal.pt/wp-content/uploads/2016/11/Facal-Edificio-H-Lisboa-768x432.jpg 768w, https://www.facal.pt/wp-content/uploads/2016/11/Facal-Edificio-H-Lisboa-1536x864.jpg 1536w, https://www.facal.pt/wp-content/uploads/2016/11/Facal-Edificio-H-Lisboa-2048x1152.jpg 2048w" sizes="auto, (max-width: 2350px) 100vw, 2350px" /></figure></li><li class="blocks-gallery-item"><figure><img loading="lazy" decoding="async" width="2350" height="1322" src="https://www.facal.pt/wp-content/uploads/2021/10/Facal-Edificio-H_Campus-da-Justica-Lisboa-2350x1322.jpg" alt="Facal - Edifício H - Campus da Justiça, Lisboa" data-id="2288" data-full-url="https://www.facal.pt/wp-content/uploads/2021/10/Facal-Edificio-H_Campus-da-Justica-Lisboa.jpg" data-link="https://www.facal.pt/pt/portfolio/edificio-h/facal-edificio-h_campus-da-justica-lisboa/" class="wp-image-2288" srcset="https://www.facal.pt/wp-content/uploads/2021/10/Facal-Edificio-H_Campus-da-Justica-Lisboa-2350x1322.jpg 2350w, https://www.facal.pt/wp-content/uploads/2021/10/Facal-Edificio-H_Campus-da-Justica-Lisboa-600x337.jpg 600w, https://www.facal.pt/wp-content/uploads/2021/10/Facal-Edificio-H_Campus-da-Justica-Lisboa-300x169.jpg 300w, https://www.facal.pt/wp-content/uploads/2021/10/Facal-Edificio-H_Campus-da-Justica-Lisboa-768x432.jpg 768w, https://www.facal.pt/wp-content/uploads/2021/10/Facal-Edificio-H_Campus-da-Justica-Lisboa-1536x864.jpg 1536w, https://www.facal.pt/wp-content/uploads/2021/10/Facal-Edificio-H_Campus-da-Justica-Lisboa-2048x1152.jpg 2048w" sizes="auto, (max-width: 2350px) 100vw, 2350px" /></figure></li></ul></figure>


<h1 class="wp-block-post-title">Edifício H &#8211; Campus da Justiça, Lisboa</h1>


<h2 class="wp-block-heading">Facal executou a fachada de pele dupla do Edifício H</h2>



<p>O Edifício H &#8211; Campus da Justiça foi fruto de um desenvolvimento faseado e cuidado. A <a href="https://www.facal.pt/pt/portfolio/" target="_blank" data-type="URL" data-id="https://www.facal.pt/pt/portfolio/" rel="noreferrer noopener">FACAL</a> executou uma fachada dupla, funcionando como uma estrutura que cumpre as funções para a qual foi projectada: <a href="http://www.nla.pt/index.php/pt/projecto/edificios-empresariais/236_campus-da-justica-de-lisboa">aliar o conceito arquitectónico</a> de transparência a um controlo adequado das trocas de energia com o exterior. O edifício resulta pois numa envolvente totalmente envidraçada, desenvolvida com o objectivo de garantir baixos consumos de energia para climatização do espaço interior do edifício mantendo um elevado conforto dos seus utilizadores.</p>
