{"id":554,"date":"2016-10-18T12:01:31","date_gmt":"2016-10-18T11:01:31","guid":{"rendered":"http:\/\/www.facal.eu\/?p=554"},"modified":"2022-03-03T17:35:03","modified_gmt":"2022-03-03T16:35:03","slug":"aeroporto-sa-carneiro-facal","status":"publish","type":"cpt_projectos","link":"https:\/\/www.facal.pt\/fr\/portfolio\/aeroporto-sa-carneiro-facal\/","title":{"rendered":"A\u00e9roport S\u00e1 Carneiro &#8211; Gare du M\u00e9tro"},"content":{"rendered":"\n<figure class=\"wp-block-gallery columns-3 is-cropped wp-block-gallery-1 is-layout-flex wp-block-gallery-is-layout-flex\"><ul class=\"blocks-gallery-grid\"><li class=\"blocks-gallery-item\"><figure><img loading=\"lazy\" decoding=\"async\" width=\"2350\" height=\"1322\" src=\"https:\/\/www.facal.pt\/wp-content\/uploads\/2021\/09\/Metro001-2350x1322.jpg\" alt=\"Facal - A\u00e9roport S\u00e1 Carneiro - Gare du - Esta\u00e7\u00e3o de Metro \u2013 Aeroporto S\u00e1 Carneiro M\u00e9tro\" data-id=\"2211\" data-full-url=\"https:\/\/www.facal.pt\/wp-content\/uploads\/2021\/09\/Metro001.jpg\" data-link=\"https:\/\/www.facal.pt\/fr\/portfolio\/aeroporto-sa-carneiro-facal\/metro001\/\" class=\"wp-image-2211\" srcset=\"https:\/\/www.facal.pt\/wp-content\/uploads\/2021\/09\/Metro001-2350x1322.jpg 2350w, https:\/\/www.facal.pt\/wp-content\/uploads\/2021\/09\/Metro001-600x337.jpg 600w, https:\/\/www.facal.pt\/wp-content\/uploads\/2021\/09\/Metro001-300x169.jpg 300w, https:\/\/www.facal.pt\/wp-content\/uploads\/2021\/09\/Metro001-768x432.jpg 768w, https:\/\/www.facal.pt\/wp-content\/uploads\/2021\/09\/Metro001-1536x864.jpg 1536w, https:\/\/www.facal.pt\/wp-content\/uploads\/2021\/09\/Metro001-2048x1152.jpg 2048w\" sizes=\"auto, (max-width: 2350px) 100vw, 2350px\" \/><\/figure><\/li><li class=\"blocks-gallery-item\"><figure><img loading=\"lazy\" decoding=\"async\" width=\"2350\" height=\"1322\" src=\"https:\/\/www.facal.pt\/wp-content\/uploads\/2021\/09\/Metro002-2350x1322.jpg\" alt=\"Facal - A\u00e9roport S\u00e1 Carneiro - Gare du - Esta\u00e7\u00e3o de Metro \u2013 Aeroporto S\u00e1 Carneiro M\u00e9tro\" data-id=\"2212\" data-full-url=\"https:\/\/www.facal.pt\/wp-content\/uploads\/2021\/09\/Metro002.jpg\" data-link=\"https:\/\/www.facal.pt\/fr\/portfolio\/aeroporto-sa-carneiro-facal\/metro002\/\" class=\"wp-image-2212\" srcset=\"https:\/\/www.facal.pt\/wp-content\/uploads\/2021\/09\/Metro002-2350x1322.jpg 2350w, https:\/\/www.facal.pt\/wp-content\/uploads\/2021\/09\/Metro002-600x337.jpg 600w, https:\/\/www.facal.pt\/wp-content\/uploads\/2021\/09\/Metro002-300x169.jpg 300w, https:\/\/www.facal.pt\/wp-content\/uploads\/2021\/09\/Metro002-768x432.jpg 768w, https:\/\/www.facal.pt\/wp-content\/uploads\/2021\/09\/Metro002-1536x864.jpg 1536w, https:\/\/www.facal.pt\/wp-content\/uploads\/2021\/09\/Metro002-2048x1152.jpg 2048w\" sizes=\"auto, (max-width: 2350px) 100vw, 2350px\" \/><\/figure><\/li><li class=\"blocks-gallery-item\"><figure><img loading=\"lazy\" decoding=\"async\" width=\"2350\" height=\"1322\" src=\"https:\/\/www.facal.pt\/wp-content\/uploads\/2021\/09\/Metro011-2350x1322.jpg\" alt=\"Facal - A\u00e9roport S\u00e1 Carneiro - Gare du - Esta\u00e7\u00e3o de Metro \u2013 Aeroporto S\u00e1 Carneiro M\u00e9tro\" data-id=\"2213\" data-full-url=\"https:\/\/www.facal.pt\/wp-content\/uploads\/2021\/09\/Metro011.jpg\" data-link=\"https:\/\/www.facal.pt\/fr\/portfolio\/aeroporto-sa-carneiro-facal\/metro011\/\" class=\"wp-image-2213\" srcset=\"https:\/\/www.facal.pt\/wp-content\/uploads\/2021\/09\/Metro011-2350x1322.jpg 2350w, https:\/\/www.facal.pt\/wp-content\/uploads\/2021\/09\/Metro011-600x337.jpg 600w, https:\/\/www.facal.pt\/wp-content\/uploads\/2021\/09\/Metro011-300x169.jpg 300w, https:\/\/www.facal.pt\/wp-content\/uploads\/2021\/09\/Metro011-768x432.jpg 768w, https:\/\/www.facal.pt\/wp-content\/uploads\/2021\/09\/Metro011-1536x864.jpg 1536w, https:\/\/www.facal.pt\/wp-content\/uploads\/2021\/09\/Metro011-2048x1152.jpg 2048w\" sizes=\"auto, (max-width: 2350px) 100vw, 2350px\" \/><\/figure><\/li><li class=\"blocks-gallery-item\"><figure><img loading=\"lazy\" decoding=\"async\" width=\"2350\" height=\"1322\" src=\"https:\/\/www.facal.pt\/wp-content\/uploads\/2021\/09\/Metro015-2350x1322.jpg\" alt=\"Facal - A\u00e9roport S\u00e1 Carneiro - Gare du - Esta\u00e7\u00e3o de Metro \u2013 Aeroporto S\u00e1 Carneiro M\u00e9tro\" data-id=\"2210\" data-full-url=\"https:\/\/www.facal.pt\/wp-content\/uploads\/2021\/09\/Metro015.jpg\" data-link=\"https:\/\/www.facal.pt\/fr\/portfolio\/aeroporto-sa-carneiro-facal\/metro015\/\" class=\"wp-image-2210\" srcset=\"https:\/\/www.facal.pt\/wp-content\/uploads\/2021\/09\/Metro015-2350x1322.jpg 2350w, https:\/\/www.facal.pt\/wp-content\/uploads\/2021\/09\/Metro015-600x337.jpg 600w, https:\/\/www.facal.pt\/wp-content\/uploads\/2021\/09\/Metro015-300x169.jpg 300w, https:\/\/www.facal.pt\/wp-content\/uploads\/2021\/09\/Metro015-768x432.jpg 768w, https:\/\/www.facal.pt\/wp-content\/uploads\/2021\/09\/Metro015-1536x864.jpg 1536w, https:\/\/www.facal.pt\/wp-content\/uploads\/2021\/09\/Metro015-2048x1152.jpg 2048w\" sizes=\"auto, (max-width: 2350px) 100vw, 2350px\" \/><\/figure><\/li><li class=\"blocks-gallery-item\"><figure><img loading=\"lazy\" decoding=\"async\" width=\"2350\" height=\"1322\" src=\"https:\/\/www.facal.pt\/wp-content\/uploads\/2021\/09\/Metro014-2350x1322.jpg\" alt=\"Facal - A\u00e9roport S\u00e1 Carneiro - Gare du - Esta\u00e7\u00e3o de Metro \u2013 Aeroporto S\u00e1 Carneiro M\u00e9tro\" data-id=\"2214\" data-full-url=\"https:\/\/www.facal.pt\/wp-content\/uploads\/2021\/09\/Metro014.jpg\" data-link=\"https:\/\/www.facal.pt\/fr\/portfolio\/aeroporto-sa-carneiro-facal\/metro014\/\" class=\"wp-image-2214\" srcset=\"https:\/\/www.facal.pt\/wp-content\/uploads\/2021\/09\/Metro014-2350x1322.jpg 2350w, https:\/\/www.facal.pt\/wp-content\/uploads\/2021\/09\/Metro014-600x337.jpg 600w, https:\/\/www.facal.pt\/wp-content\/uploads\/2021\/09\/Metro014-300x169.jpg 300w, https:\/\/www.facal.pt\/wp-content\/uploads\/2021\/09\/Metro014-768x432.jpg 768w, https:\/\/www.facal.pt\/wp-content\/uploads\/2021\/09\/Metro014-1536x864.jpg 1536w, https:\/\/www.facal.pt\/wp-content\/uploads\/2021\/09\/Metro014-2048x1152.jpg 2048w\" sizes=\"auto, (max-width: 2350px) 100vw, 2350px\" \/><\/figure><\/li><\/ul><\/figure>\n\n\n<h1 class=\"wp-block-post-title\">A\u00e9roport S\u00e1 Carneiro &#8211; Gare du M\u00e9tro<\/h1>","protected":false},"author":1,"featured_media":2211,"parent":0,"menu_order":53,"comment_status":"open","ping_status":"open","template":"pages\/wp_projectos.php","projectos-categorias":[11],"class_list":["post-554","cpt_projectos","type-cpt_projectos","status-publish","has-post-thumbnail","hentry","projectos-categorias-portfolio"],"_links":{"self":[{"href":"https:\/\/www.facal.pt\/fr\/wp-json\/wp\/v2\/cpt_projectos\/554","targetHints":{"allow":["GET"]}}],"collection":[{"href":"https:\/\/www.facal.pt\/fr\/wp-json\/wp\/v2\/cpt_projectos"}],"about":[{"href":"https:\/\/www.facal.pt\/fr\/wp-json\/wp\/v2\/types\/cpt_projectos"}],"author":[{"embeddable":true,"href":"https:\/\/www.facal.pt\/fr\/wp-json\/wp\/v2\/users\/1"}],"replies":[{"embeddable":true,"href":"https:\/\/www.facal.pt\/fr\/wp-json\/wp\/v2\/comments?post=554"}],"wp:featuredmedia":[{"embeddable":true,"href":"https:\/\/www.facal.pt\/fr\/wp-json\/wp\/v2\/media\/2211"}],"wp:attachment":[{"href":"https:\/\/www.facal.pt\/fr\/wp-json\/wp\/v2\/media?parent=554"}],"wp:term":[{"taxonomy":"projectos-categorias","embeddable":true,"href":"https:\/\/www.facal.pt\/fr\/wp-json\/wp\/v2\/projectos-categorias?post=554"}],"curies":[{"name":"wp","href":"https:\/\/api.w.org\/{rel}","templated":true}]}}

Aéroport Sá Carneiro &#8211; Gare du Métro

<figure class="wp-block-gallery columns-3 is-cropped wp-block-gallery-1 is-layout-flex wp-block-gallery-is-layout-flex"><ul class="blocks-gallery-grid"><li class="blocks-gallery-item"><figure><img loading="lazy" decoding="async" width="2350" height="1322" src="https://www.facal.pt/wp-content/uploads/2021/09/Metro001-2350x1322.jpg" alt="Facal - Aéroport Sá Carneiro - Gare du - Estação de Metro – Aeroporto Sá Carneiro Métro" data-id="2211" data-full-url="https://www.facal.pt/wp-content/uploads/2021/09/Metro001.jpg" data-link="https://www.facal.pt/fr/portfolio/aeroporto-sa-carneiro-facal/metro001/" class="wp-image-2211" srcset="https://www.facal.pt/wp-content/uploads/2021/09/Metro001-2350x1322.jpg 2350w, https://www.facal.pt/wp-content/uploads/2021/09/Metro001-600x337.jpg 600w, https://www.facal.pt/wp-content/uploads/2021/09/Metro001-300x169.jpg 300w, https://www.facal.pt/wp-content/uploads/2021/09/Metro001-768x432.jpg 768w, https://www.facal.pt/wp-content/uploads/2021/09/Metro001-1536x864.jpg 1536w, https://www.facal.pt/wp-content/uploads/2021/09/Metro001-2048x1152.jpg 2048w" sizes="auto, (max-width: 2350px) 100vw, 2350px" /></figure></li><li class="blocks-gallery-item"><figure><img loading="lazy" decoding="async" width="2350" height="1322" src="https://www.facal.pt/wp-content/uploads/2021/09/Metro002-2350x1322.jpg" alt="Facal - Aéroport Sá Carneiro - Gare du - Estação de Metro – Aeroporto Sá Carneiro Métro" data-id="2212" data-full-url="https://www.facal.pt/wp-content/uploads/2021/09/Metro002.jpg" data-link="https://www.facal.pt/fr/portfolio/aeroporto-sa-carneiro-facal/metro002/" class="wp-image-2212" srcset="https://www.facal.pt/wp-content/uploads/2021/09/Metro002-2350x1322.jpg 2350w, https://www.facal.pt/wp-content/uploads/2021/09/Metro002-600x337.jpg 600w, https://www.facal.pt/wp-content/uploads/2021/09/Metro002-300x169.jpg 300w, https://www.facal.pt/wp-content/uploads/2021/09/Metro002-768x432.jpg 768w, https://www.facal.pt/wp-content/uploads/2021/09/Metro002-1536x864.jpg 1536w, https://www.facal.pt/wp-content/uploads/2021/09/Metro002-2048x1152.jpg 2048w" sizes="auto, (max-width: 2350px) 100vw, 2350px" /></figure></li><li class="blocks-gallery-item"><figure><img loading="lazy" decoding="async" width="2350" height="1322" src="https://www.facal.pt/wp-content/uploads/2021/09/Metro011-2350x1322.jpg" alt="Facal - Aéroport Sá Carneiro - Gare du - Estação de Metro – Aeroporto Sá Carneiro Métro" data-id="2213" data-full-url="https://www.facal.pt/wp-content/uploads/2021/09/Metro011.jpg" data-link="https://www.facal.pt/fr/portfolio/aeroporto-sa-carneiro-facal/metro011/" class="wp-image-2213" srcset="https://www.facal.pt/wp-content/uploads/2021/09/Metro011-2350x1322.jpg 2350w, https://www.facal.pt/wp-content/uploads/2021/09/Metro011-600x337.jpg 600w, https://www.facal.pt/wp-content/uploads/2021/09/Metro011-300x169.jpg 300w, https://www.facal.pt/wp-content/uploads/2021/09/Metro011-768x432.jpg 768w, https://www.facal.pt/wp-content/uploads/2021/09/Metro011-1536x864.jpg 1536w, https://www.facal.pt/wp-content/uploads/2021/09/Metro011-2048x1152.jpg 2048w" sizes="auto, (max-width: 2350px) 100vw, 2350px" /></figure></li><li class="blocks-gallery-item"><figure><img loading="lazy" decoding="async" width="2350" height="1322" src="https://www.facal.pt/wp-content/uploads/2021/09/Metro015-2350x1322.jpg" alt="Facal - Aéroport Sá Carneiro - Gare du - Estação de Metro – Aeroporto Sá Carneiro Métro" data-id="2210" data-full-url="https://www.facal.pt/wp-content/uploads/2021/09/Metro015.jpg" data-link="https://www.facal.pt/fr/portfolio/aeroporto-sa-carneiro-facal/metro015/" class="wp-image-2210" srcset="https://www.facal.pt/wp-content/uploads/2021/09/Metro015-2350x1322.jpg 2350w, https://www.facal.pt/wp-content/uploads/2021/09/Metro015-600x337.jpg 600w, https://www.facal.pt/wp-content/uploads/2021/09/Metro015-300x169.jpg 300w, https://www.facal.pt/wp-content/uploads/2021/09/Metro015-768x432.jpg 768w, https://www.facal.pt/wp-content/uploads/2021/09/Metro015-1536x864.jpg 1536w, https://www.facal.pt/wp-content/uploads/2021/09/Metro015-2048x1152.jpg 2048w" sizes="auto, (max-width: 2350px) 100vw, 2350px" /></figure></li><li class="blocks-gallery-item"><figure><img loading="lazy" decoding="async" width="2350" height="1322" src="https://www.facal.pt/wp-content/uploads/2021/09/Metro014-2350x1322.jpg" alt="Facal - Aéroport Sá Carneiro - Gare du - Estação de Metro – Aeroporto Sá Carneiro Métro" data-id="2214" data-full-url="https://www.facal.pt/wp-content/uploads/2021/09/Metro014.jpg" data-link="https://www.facal.pt/fr/portfolio/aeroporto-sa-carneiro-facal/metro014/" class="wp-image-2214" srcset="https://www.facal.pt/wp-content/uploads/2021/09/Metro014-2350x1322.jpg 2350w, https://www.facal.pt/wp-content/uploads/2021/09/Metro014-600x337.jpg 600w, https://www.facal.pt/wp-content/uploads/2021/09/Metro014-300x169.jpg 300w, https://www.facal.pt/wp-content/uploads/2021/09/Metro014-768x432.jpg 768w, https://www.facal.pt/wp-content/uploads/2021/09/Metro014-1536x864.jpg 1536w, https://www.facal.pt/wp-content/uploads/2021/09/Metro014-2048x1152.jpg 2048w" sizes="auto, (max-width: 2350px) 100vw, 2350px" /></figure></li></ul></figure>


<h1 class="wp-block-post-title">Aéroport Sá Carneiro &#8211; Gare du Métro</h1>
