{"id":2768,"date":"2023-06-27T16:12:29","date_gmt":"2023-06-27T15:12:29","guid":{"rendered":"https:\/\/www.facal.pt\/pt\/?post_type=cpt_projectos&#038;p=2768"},"modified":"2025-03-31T12:20:14","modified_gmt":"2025-03-31T11:20:14","slug":"le-cercle-paris-facal-engenharia-fachadas","status":"publish","type":"cpt_projectos","link":"https:\/\/www.facal.pt\/fr\/noticias\/le-cercle-paris-facal-engenharia-fachadas\/","title":{"rendered":"Le Cercle &#8211; Paris"},"content":{"rendered":"\n<figure class=\"wp-block-gallery columns-3 is-cropped wp-block-gallery-1 is-layout-flex wp-block-gallery-is-layout-flex\"><ul class=\"blocks-gallery-grid\"><li class=\"blocks-gallery-item\"><figure><img loading=\"lazy\" decoding=\"async\" width=\"2350\" height=\"1322\" src=\"https:\/\/www.facal.pt\/wp-content\/uploads\/2023\/06\/FACAL_Le_Cercle-\u2013-Paris-2350x1322.jpg\" alt=\"\" data-id=\"2839\" data-full-url=\"https:\/\/www.facal.pt\/wp-content\/uploads\/2023\/06\/FACAL_Le_Cercle-\u2013-Paris-scaled.jpg\" data-link=\"https:\/\/www.facal.pt\/fr\/noticias\/le-cercle-paris-facal-engenharia-fachadas\/facal_le_cercle-paris\/\" class=\"wp-image-2839\" srcset=\"https:\/\/www.facal.pt\/wp-content\/uploads\/2023\/06\/FACAL_Le_Cercle-\u2013-Paris-2350x1322.jpg 2350w, https:\/\/www.facal.pt\/wp-content\/uploads\/2023\/06\/FACAL_Le_Cercle-\u2013-Paris-600x337.jpg 600w, https:\/\/www.facal.pt\/wp-content\/uploads\/2023\/06\/FACAL_Le_Cercle-\u2013-Paris-300x169.jpg 300w, https:\/\/www.facal.pt\/wp-content\/uploads\/2023\/06\/FACAL_Le_Cercle-\u2013-Paris-768x432.jpg 768w, https:\/\/www.facal.pt\/wp-content\/uploads\/2023\/06\/FACAL_Le_Cercle-\u2013-Paris-1536x864.jpg 1536w, https:\/\/www.facal.pt\/wp-content\/uploads\/2023\/06\/FACAL_Le_Cercle-\u2013-Paris-2048x1152.jpg 2048w\" sizes=\"auto, (max-width: 2350px) 100vw, 2350px\" \/><\/figure><\/li><li class=\"blocks-gallery-item\"><figure><img loading=\"lazy\" decoding=\"async\" width=\"2350\" height=\"1322\" src=\"https:\/\/www.facal.pt\/wp-content\/uploads\/2023\/06\/facal-Le-Cercle-\u2013-Paris-2350x1322.jpg\" alt=\"\" data-id=\"2838\" data-full-url=\"https:\/\/www.facal.pt\/wp-content\/uploads\/2023\/06\/facal-Le-Cercle-\u2013-Paris-scaled.jpg\" data-link=\"https:\/\/www.facal.pt\/fr\/noticias\/le-cercle-paris-facal-engenharia-fachadas\/facal-le-cercle-paris\/\" class=\"wp-image-2838\" srcset=\"https:\/\/www.facal.pt\/wp-content\/uploads\/2023\/06\/facal-Le-Cercle-\u2013-Paris-2350x1322.jpg 2350w, https:\/\/www.facal.pt\/wp-content\/uploads\/2023\/06\/facal-Le-Cercle-\u2013-Paris-600x337.jpg 600w, https:\/\/www.facal.pt\/wp-content\/uploads\/2023\/06\/facal-Le-Cercle-\u2013-Paris-300x169.jpg 300w, https:\/\/www.facal.pt\/wp-content\/uploads\/2023\/06\/facal-Le-Cercle-\u2013-Paris-768x432.jpg 768w, https:\/\/www.facal.pt\/wp-content\/uploads\/2023\/06\/facal-Le-Cercle-\u2013-Paris-1536x864.jpg 1536w, https:\/\/www.facal.pt\/wp-content\/uploads\/2023\/06\/facal-Le-Cercle-\u2013-Paris-2048x1152.jpg 2048w\" sizes=\"auto, (max-width: 2350px) 100vw, 2350px\" \/><\/figure><\/li><li class=\"blocks-gallery-item\"><figure><img loading=\"lazy\" decoding=\"async\" width=\"2350\" height=\"1322\" src=\"https:\/\/www.facal.pt\/wp-content\/uploads\/2023\/06\/Facal_Le-Cercle-\u2013-Paris-2350x1322.jpg\" alt=\"\" data-id=\"2837\" data-full-url=\"https:\/\/www.facal.pt\/wp-content\/uploads\/2023\/06\/Facal_Le-Cercle-\u2013-Paris-scaled.jpg\" data-link=\"https:\/\/www.facal.pt\/fr\/noticias\/le-cercle-paris-facal-engenharia-fachadas\/facal_le-cercle-paris\/\" class=\"wp-image-2837\" srcset=\"https:\/\/www.facal.pt\/wp-content\/uploads\/2023\/06\/Facal_Le-Cercle-\u2013-Paris-2350x1322.jpg 2350w, https:\/\/www.facal.pt\/wp-content\/uploads\/2023\/06\/Facal_Le-Cercle-\u2013-Paris-600x337.jpg 600w, https:\/\/www.facal.pt\/wp-content\/uploads\/2023\/06\/Facal_Le-Cercle-\u2013-Paris-300x169.jpg 300w, https:\/\/www.facal.pt\/wp-content\/uploads\/2023\/06\/Facal_Le-Cercle-\u2013-Paris-768x432.jpg 768w, https:\/\/www.facal.pt\/wp-content\/uploads\/2023\/06\/Facal_Le-Cercle-\u2013-Paris-1536x864.jpg 1536w, https:\/\/www.facal.pt\/wp-content\/uploads\/2023\/06\/Facal_Le-Cercle-\u2013-Paris-2048x1152.jpg 2048w\" sizes=\"auto, (max-width: 2350px) 100vw, 2350px\" \/><\/figure><\/li><\/ul><\/figure>\n\n\n<h1 class=\"wp-block-post-title\">Le Cercle &#8211; Paris<\/h1>\n\n\n<h2 class=\"wp-block-heading\"><strong><strong><strong>Facal participe \u00e0 la construction du projet embl\u00e9matique Le Cercle<\/strong><\/strong><\/strong><\/h2>\n\n\n\n<p><strong><a href=\"https:\/\/www.facal.pt\/pt\/noticias\/\" target=\"_blank\" rel=\"noreferrer noopener\">FACAL<\/a> <\/strong>\u00a0participe \u00e0 la construction de l\u2019immeuble\u00a0<strong>Le Cercle<\/strong>, situ\u00e9 dans la\u00a0<strong>ZAC Paul Bourget<\/strong>, \u00e0 Paris.<\/p>\n\n\n\n<p>D\u00e9velopp\u00e9 par le&nbsp;<a class=\"\"><strong>Groupe Pichet<\/strong><\/a>&nbsp;et con\u00e7u par l\u2019agence d\u2019architecture&nbsp;<a class=\"\" href=\"https:\/\/www.atelierkempethill.com\/\"><strong>Atelier Kempe Thill<\/strong><\/a>, Le Cercle se distingue par son approche innovante des espaces de travail, ax\u00e9e sur la flexibilit\u00e9, la durabilit\u00e9 et l\u2019int\u00e9gration urbaine.<\/p>\n\n\n\n<p>FACAL est responsable de l\u2019ex\u00e9cution des&nbsp;<strong>fa\u00e7ades en aluminium et en verre<\/strong>, en mettant en \u0153uvre des solutions techniques performantes r\u00e9pondant aux exigences environnementales et fonctionnelles du projet.<\/p>\n\n\n\n<p><a class=\"\"><strong>Voir plus d\u2019informations sur le projet<\/strong><\/a><\/p>\n","protected":false},"author":1,"featured_media":2838,"parent":0,"menu_order":5,"comment_status":"closed","ping_status":"closed","template":"pages\/wp_projectos.php","projectos-categorias":[10],"class_list":["post-2768","cpt_projectos","type-cpt_projectos","status-publish","has-post-thumbnail","hentry","projectos-categorias-noticias"],"_links":{"self":[{"href":"https:\/\/www.facal.pt\/fr\/wp-json\/wp\/v2\/cpt_projectos\/2768","targetHints":{"allow":["GET"]}}],"collection":[{"href":"https:\/\/www.facal.pt\/fr\/wp-json\/wp\/v2\/cpt_projectos"}],"about":[{"href":"https:\/\/www.facal.pt\/fr\/wp-json\/wp\/v2\/types\/cpt_projectos"}],"author":[{"embeddable":true,"href":"https:\/\/www.facal.pt\/fr\/wp-json\/wp\/v2\/users\/1"}],"replies":[{"embeddable":true,"href":"https:\/\/www.facal.pt\/fr\/wp-json\/wp\/v2\/comments?post=2768"}],"wp:featuredmedia":[{"embeddable":true,"href":"https:\/\/www.facal.pt\/fr\/wp-json\/wp\/v2\/media\/2838"}],"wp:attachment":[{"href":"https:\/\/www.facal.pt\/fr\/wp-json\/wp\/v2\/media?parent=2768"}],"wp:term":[{"taxonomy":"projectos-categorias","embeddable":true,"href":"https:\/\/www.facal.pt\/fr\/wp-json\/wp\/v2\/projectos-categorias?post=2768"}],"curies":[{"name":"wp","href":"https:\/\/api.w.org\/{rel}","templated":true}]}}

<figure class="wp-block-gallery columns-3 is-cropped wp-block-gallery-1 is-layout-flex wp-block-gallery-is-layout-flex"><ul class="blocks-gallery-grid"><li class="blocks-gallery-item"><figure><img loading="lazy" decoding="async" width="2350" height="1322" src="https://www.facal.pt/wp-content/uploads/2023/06/FACAL_Le_Cercle-–-Paris-2350x1322.jpg" alt="" data-id="2839" data-full-url="https://www.facal.pt/wp-content/uploads/2023/06/FACAL_Le_Cercle-–-Paris-scaled.jpg" data-link="https://www.facal.pt/fr/noticias/le-cercle-paris-facal-engenharia-fachadas/facal_le_cercle-paris/" class="wp-image-2839" srcset="https://www.facal.pt/wp-content/uploads/2023/06/FACAL_Le_Cercle-–-Paris-2350x1322.jpg 2350w, https://www.facal.pt/wp-content/uploads/2023/06/FACAL_Le_Cercle-–-Paris-600x337.jpg 600w, https://www.facal.pt/wp-content/uploads/2023/06/FACAL_Le_Cercle-–-Paris-300x169.jpg 300w, https://www.facal.pt/wp-content/uploads/2023/06/FACAL_Le_Cercle-–-Paris-768x432.jpg 768w, https://www.facal.pt/wp-content/uploads/2023/06/FACAL_Le_Cercle-–-Paris-1536x864.jpg 1536w, https://www.facal.pt/wp-content/uploads/2023/06/FACAL_Le_Cercle-–-Paris-2048x1152.jpg 2048w" sizes="auto, (max-width: 2350px) 100vw, 2350px" /></figure></li><li class="blocks-gallery-item"><figure><img loading="lazy" decoding="async" width="2350" height="1322" src="https://www.facal.pt/wp-content/uploads/2023/06/facal-Le-Cercle-–-Paris-2350x1322.jpg" alt="" data-id="2838" data-full-url="https://www.facal.pt/wp-content/uploads/2023/06/facal-Le-Cercle-–-Paris-scaled.jpg" data-link="https://www.facal.pt/fr/noticias/le-cercle-paris-facal-engenharia-fachadas/facal-le-cercle-paris/" class="wp-image-2838" srcset="https://www.facal.pt/wp-content/uploads/2023/06/facal-Le-Cercle-–-Paris-2350x1322.jpg 2350w, https://www.facal.pt/wp-content/uploads/2023/06/facal-Le-Cercle-–-Paris-600x337.jpg 600w, https://www.facal.pt/wp-content/uploads/2023/06/facal-Le-Cercle-–-Paris-300x169.jpg 300w, https://www.facal.pt/wp-content/uploads/2023/06/facal-Le-Cercle-–-Paris-768x432.jpg 768w, https://www.facal.pt/wp-content/uploads/2023/06/facal-Le-Cercle-–-Paris-1536x864.jpg 1536w, https://www.facal.pt/wp-content/uploads/2023/06/facal-Le-Cercle-–-Paris-2048x1152.jpg 2048w" sizes="auto, (max-width: 2350px) 100vw, 2350px" /></figure></li><li class="blocks-gallery-item"><figure><img loading="lazy" decoding="async" width="2350" height="1322" src="https://www.facal.pt/wp-content/uploads/2023/06/Facal_Le-Cercle-–-Paris-2350x1322.jpg" alt="" data-id="2837" data-full-url="https://www.facal.pt/wp-content/uploads/2023/06/Facal_Le-Cercle-–-Paris-scaled.jpg" data-link="https://www.facal.pt/fr/noticias/le-cercle-paris-facal-engenharia-fachadas/facal_le-cercle-paris/" class="wp-image-2837" srcset="https://www.facal.pt/wp-content/uploads/2023/06/Facal_Le-Cercle-–-Paris-2350x1322.jpg 2350w, https://www.facal.pt/wp-content/uploads/2023/06/Facal_Le-Cercle-–-Paris-600x337.jpg 600w, https://www.facal.pt/wp-content/uploads/2023/06/Facal_Le-Cercle-–-Paris-300x169.jpg 300w, https://www.facal.pt/wp-content/uploads/2023/06/Facal_Le-Cercle-–-Paris-768x432.jpg 768w, https://www.facal.pt/wp-content/uploads/2023/06/Facal_Le-Cercle-–-Paris-1536x864.jpg 1536w, https://www.facal.pt/wp-content/uploads/2023/06/Facal_Le-Cercle-–-Paris-2048x1152.jpg 2048w" sizes="auto, (max-width: 2350px) 100vw, 2350px" /></figure></li></ul></figure>


<h1 class="wp-block-post-title">Le Cercle &#8211; Paris</h1>


<h2 class="wp-block-heading"><strong><strong><strong>Facal participe à la construction du projet emblématique Le Cercle</strong></strong></strong></h2>



<p><strong><a href="https://www.facal.pt/pt/noticias/" target="_blank" rel="noreferrer noopener">FACAL</a> </strong> participe à la construction de l’immeuble <strong>Le Cercle</strong>, situé dans la <strong>ZAC Paul Bourget</strong>, à Paris.</p>



<p>Développé par le&nbsp;<a class=""><strong>Groupe Pichet</strong></a>&nbsp;et conçu par l’agence d’architecture&nbsp;<a class="" href="https://www.atelierkempethill.com/"><strong>Atelier Kempe Thill</strong></a>, Le Cercle se distingue par son approche innovante des espaces de travail, axée sur la flexibilité, la durabilité et l’intégration urbaine.</p>



<p>FACAL est responsable de l’exécution des&nbsp;<strong>façades en aluminium et en verre</strong>, en mettant en œuvre des solutions techniques performantes répondant aux exigences environnementales et fonctionnelles du projet.</p>



<p><a class=""><strong>Voir plus d’informations sur le projet</strong></a></p>
